                                                                                                                                                                                                                                                                                                                                                                                                                                                                                                    






{"id":15651,"date":"2022-02-20T19:26:09","date_gmt":"2022-02-20T22:26:09","guid":{"rendered":"https:\/\/cinemigrante.com\/ediciones-anteriores\/?page_id=15651"},"modified":"2022-02-20T20:00:14","modified_gmt":"2022-02-20T23:00:14","slug":"invitades","status":"publish","type":"page","link":"https:\/\/cinemigrante.org\/muestras-itinerantes\/4-edicion\/invitades\/","title":{"rendered":"Invitades"},"content":{"rendered":"\t\t<div data-elementor-type=\"wp-page\" data-elementor-id=\"15651\" class=\"elementor elementor-15651\" data-elementor-settings=\"[]\">\n\t\t\t\t\t\t\t<div class=\"elementor-section-wrap\">\n\t\t\t\t\t\t\t<section class=\"elementor-section elementor-top-section elementor-element elementor-element-649c9920 elementor-section-boxed elementor-section-height-default elementor-section-height-default\" data-id=\"649c9920\" data-element_type=\"section\" data-settings=\"{&quot;background_background&quot;:&quot;classic&quot;}\">\n\t\t\t\t\t\t\t<div class=\"elementor-background-overlay\"><\/div>\n\t\t\t\t\t\t\t<div class=\"elementor-container elementor-column-gap-default\">\n\t\t\t\t\t<div class=\"elementor-column elementor-col-100 elementor-top-column elementor-element elementor-element-177ddfb2\" data-id=\"177ddfb2\" data-element_type=\"column\" data-settings=\"{&quot;background_background&quot;:&quot;classic&quot;}\">\n\t\t\t<div class=\"elementor-widget-wrap elementor-element-populated\">\n\t\t\t\t\t\t\t\t<div class=\"elementor-element elementor-element-31ab53c0 elementor-widget elementor-widget-heading\" data-id=\"31ab53c0\" data-element_type=\"widget\" data-widget_type=\"heading.default\">\n\t\t\t\t<div class=\"elementor-widget-container\">\n\t\t\t<h2 class=\"elementor-heading-title elementor-size-default\">Invitades internacionales<\/h2>\t\t<\/div>\n\t\t\t\t<\/div>\n\t\t\t\t<div class=\"elementor-element elementor-element-fb8f4d2 eael-team-align-left historico-honor  elementor-widget elementor-widget-eael-team-member\" data-id=\"fb8f4d2\" data-element_type=\"widget\" data-widget_type=\"eael-team-member.default\">\n\t\t\t\t<div class=\"elementor-widget-container\">\n\t\t\t\n\n\t<div id=\"eael-team-member-fb8f4d2\" class=\"eael-team-item eael-team-members-simple \">\n\t\t<div class=\"eael-team-item-inner\">\n\t\t\t<div class=\"eael-team-image\">\n\t\t\t\t<figure>\n\t\t\t\t\t<img src=\"https:\/\/cinemigrante.org\/muestras-itinerantes\/wp-content\/uploads\/2022\/02\/felipe-monroy.jpg\" alt=\"\">\n\t\t\t\t<\/figure>\n\t\t\t\t\t\t\t<\/div>\n\n\t\t\t<div class=\"eael-team-content\">\n\t\t\t\t<h3 class=\"eael-team-member-name\">FELIPE MONROY<\/h3>\n\t\t\t\t<h4 class=\"eael-team-member-position\"> <\/h4>\n\n\t\t\t\t\t\t\t\t\t\t\t\t\t\t<p class=\"eael-team-text\">Es un realizador colombiano nacido en 1983 en Bogot\u00e1. Criado en una humilde familia india, tuvo la oportunidad de viajar a Suiza en el 2007, donde comenz\u00f3 a estudiar cine en la Universidad de Bellas Artes de Geneva (HEAD). En su breve carrera ya ha realizado distintos cortometrajes: Carla (documental, 2010) Nos R\u00eaves vos Cauchemars (Nuestros sue\u00f1os vuestras pesadillas, ficci\u00f3n,2010), Deux nuits et un jour d\u2019amour (Dos noches y un d\u00eda de amor, ficci\u00f3n, 2009), Pas un seul mot (Ni una palabra, ficci\u00f3n, 2008). Tacacho (2013) es su primer largo documental.\n <\/p>\n\t\t\t\t\t\t\t<\/div>\n\t\t<\/div>\n\t<\/div>\n\t\t\t<\/div>\n\t\t\t\t<\/div>\n\t\t\t\t<div class=\"elementor-element elementor-element-34c0a9be eael-team-align-left historico-honor  elementor-widget elementor-widget-eael-team-member\" data-id=\"34c0a9be\" data-element_type=\"widget\" data-widget_type=\"eael-team-member.default\">\n\t\t\t\t<div class=\"elementor-widget-container\">\n\t\t\t\n\n\t<div id=\"eael-team-member-34c0a9be\" class=\"eael-team-item eael-team-members-simple \">\n\t\t<div class=\"eael-team-item-inner\">\n\t\t\t<div class=\"eael-team-image\">\n\t\t\t\t<figure>\n\t\t\t\t\t<img src=\"https:\/\/cinemigrante.org\/muestras-itinerantes\/wp-content\/uploads\/2022\/02\/melina-serber.jpg\" alt=\"\">\n\t\t\t\t<\/figure>\n\t\t\t\t\t\t\t<\/div>\n\n\t\t\t<div class=\"eael-team-content\">\n\t\t\t\t<h3 class=\"eael-team-member-name\">MELINA SERBER<\/h3>\n\t\t\t\t<h4 class=\"eael-team-member-position\"> <\/h4>\n\n\t\t\t\t\t\t\t\t\t\t\t\t\t\t<p class=\"eael-team-text\">Nacida en Buenos Aires en 1986, estudi\u00f3 dise\u00f1o de imagen y sonido en la UBA. Trabaj\u00f3 como asistente de producci\u00f3n y direcci\u00f3n en diversos proyectos audiovisuales, y es profesora de cine en la UBA.\n <\/p>\n\t\t\t\t\t\t\t<\/div>\n\t\t<\/div>\n\t<\/div>\n\t\t\t<\/div>\n\t\t\t\t<\/div>\n\t\t\t\t<div class=\"elementor-element elementor-element-7f21d1ef eael-team-align-left historico-honor  elementor-widget elementor-widget-eael-team-member\" data-id=\"7f21d1ef\" data-element_type=\"widget\" data-widget_type=\"eael-team-member.default\">\n\t\t\t\t<div class=\"elementor-widget-container\">\n\t\t\t\n\n\t<div id=\"eael-team-member-7f21d1ef\" class=\"eael-team-item eael-team-members-simple \">\n\t\t<div class=\"eael-team-item-inner\">\n\t\t\t<div class=\"eael-team-image\">\n\t\t\t\t<figure>\n\t\t\t\t\t<img src=\"https:\/\/cinemigrante.org\/muestras-itinerantes\/wp-content\/uploads\/2022\/02\/milos-pusic.jpg\" alt=\"\">\n\t\t\t\t<\/figure>\n\t\t\t\t\t\t\t<\/div>\n\n\t\t\t<div class=\"eael-team-content\">\n\t\t\t\t<h3 class=\"eael-team-member-name\">MILOS PUSIC<\/h3>\n\t\t\t\t<h4 class=\"eael-team-member-position\"> <\/h4>\n\n\t\t\t\t\t\t\t\t\t\t\t\t\t\t<p class=\"eael-team-text\">Nacido en 1980, se gradu\u00f3 en direcci\u00f3n de multimedia en la Academia de Artes de Novi Sad. Dirigi\u00f3 diversas obras de teatro, adem\u00e1s de distintas realizaciones cinematogr\u00e1ficas de ficci\u00f3n. Dentro de estas \u00faltimas destacan el corto \u201cLullaby for a boy\u201d (2007), el cual est\u00e1 basado en una historia de Alexander Tisma y ha participado en diversos festivales. Milo\u0161 Pu\u0161i\u0107 ha ganado premios y le han otorgado menciones en: Cinema city (Novi Sad, Serbia), Mejor Pel\u00edcula en el Drama Film Festival (Drama, Grecia), Menci\u00f3n del Jurado en el Damascus IFF (Damasco, Siria), entre otros. \u201cAutumn in my street\u201d fue su primer largometraje, el cual gan\u00f3 en Cinemacity Festival 2009. (Novi Sad, Serbia) por Mejor Fotograf\u00eda y recibi\u00f3 una Menci\u00f3nEspecial del Jurado como nueva generaci\u00f3n dentro del cine serbio.\n <\/p>\n\t\t\t\t\t\t\t<\/div>\n\t\t<\/div>\n\t<\/div>\n\t\t\t<\/div>\n\t\t\t\t<\/div>\n\t\t\t\t<div class=\"elementor-element elementor-element-439647ea eael-team-align-left historico-honor  elementor-widget elementor-widget-eael-team-member\" data-id=\"439647ea\" data-element_type=\"widget\" data-widget_type=\"eael-team-member.default\">\n\t\t\t\t<div class=\"elementor-widget-container\">\n\t\t\t\n\n\t<div id=\"eael-team-member-439647ea\" class=\"eael-team-item eael-team-members-simple \">\n\t\t<div class=\"eael-team-item-inner\">\n\t\t\t<div class=\"eael-team-image\">\n\t\t\t\t<figure>\n\t\t\t\t\t<img src=\"https:\/\/cinemigrante.org\/muestras-itinerantes\/wp-content\/uploads\/2022\/02\/maria-florencia-alvarez.jpg\" alt=\"\">\n\t\t\t\t<\/figure>\n\t\t\t\t\t\t\t<\/div>\n\n\t\t\t<div class=\"eael-team-content\">\n\t\t\t\t<h3 class=\"eael-team-member-name\">MARIA FLORENCIA ALVAREZ<\/h3>\n\t\t\t\t<h4 class=\"eael-team-member-position\"> <\/h4>\n\n\t\t\t\t\t\t\t\t\t\t\t\t\t\t<p class=\"eael-team-text\">Naci\u00f3 en Buenos Aires en 1977, y estudi\u00f3 direcci\u00f3n en el Instituto de Arte Cinematogr\u00e1fico. Su primer cortometraje, Sobre la tierra (2003), tuvo su premier internacional en el International Film Festival Rotterdam y obtuvo 14 premios internacionales. M\u00e1s adelante, con Perro negro (2005) obtuvo la Primera Menci\u00f3n en el BAFICI y particip\u00f3 de la Competencia Oficial de 43\u00ba Festival Internacional de Cine de Gij\u00f3n y Rencontres Cin\u00e9mas. Nena (2010) compiti\u00f3 entre otros, en ZINEBI, 52\u00ba Festival Internacional de Cine Documental y Cortometraje de Bilbao, 22\u00ba Festival Internacional de Cortometrajes de S\u00e3o Paulo y 13\u00ba Belo Horizonte International Film Festival donde obtuvo los premios \u201cMejor Actriz\u201d y \u201cMejor Cortometraje\u201d. Habi, la extranjera es su primer largometraje.\n <\/p>\n\t\t\t\t\t\t\t<\/div>\n\t\t<\/div>\n\t<\/div>\n\t\t\t<\/div>\n\t\t\t\t<\/div>\n\t\t\t\t<div class=\"elementor-element elementor-element-2bb31f6e eael-team-align-left historico-honor  elementor-widget elementor-widget-eael-team-member\" data-id=\"2bb31f6e\" data-element_type=\"widget\" data-widget_type=\"eael-team-member.default\">\n\t\t\t\t<div class=\"elementor-widget-container\">\n\t\t\t\n\n\t<div id=\"eael-team-member-2bb31f6e\" class=\"eael-team-item eael-team-members-simple \">\n\t\t<div class=\"eael-team-item-inner\">\n\t\t\t<div class=\"eael-team-image\">\n\t\t\t\t<figure>\n\t\t\t\t\t<img src=\"https:\/\/cinemigrante.org\/muestras-itinerantes\/wp-content\/uploads\/2022\/02\/pieter-van-eecke.jpg\" alt=\"\">\n\t\t\t\t<\/figure>\n\t\t\t\t\t\t\t<\/div>\n\n\t\t\t<div class=\"eael-team-content\">\n\t\t\t\t<h3 class=\"eael-team-member-name\">PIETER VAN EECKE <\/h3>\n\t\t\t\t<h4 class=\"eael-team-member-position\"> <\/h4>\n\n\t\t\t\t\t\t\t\t\t\t\t\t\t\t<p class=\"eael-team-text\">(Leuven, B\u00e9lgica, 1975) Con una maestr\u00eda en filosof\u00eda (de la Universidad Estatal de Gante) y scultura (Sint-Lucas Bruselas) empec\u00e9 a trabajar en organizaciones sociales y de desarrollo. Muy comprometido con las causas sociales y la solidaridad Norte-Sur segu\u00ed mi trabajo en pa\u00edses en v\u00edas de desarrollo. En el 2006 llegu\u00e9 a Hait\u00ed para cooperar con la agencia de comunicaciones Alterpresse donde empec\u00e9 mi carrera como realizador de formaci\u00f3n autodidacta. <\/p>\n\t\t\t\t\t\t\t<\/div>\n\t\t<\/div>\n\t<\/div>\n\t\t\t<\/div>\n\t\t\t\t<\/div>\n\t\t\t\t<div class=\"elementor-element elementor-element-4f35a83b eael-team-align-left historico-honor  elementor-widget elementor-widget-eael-team-member\" data-id=\"4f35a83b\" data-element_type=\"widget\" data-widget_type=\"eael-team-member.default\">\n\t\t\t\t<div class=\"elementor-widget-container\">\n\t\t\t\n\n\t<div id=\"eael-team-member-4f35a83b\" class=\"eael-team-item eael-team-members-simple \">\n\t\t<div class=\"eael-team-item-inner\">\n\t\t\t<div class=\"eael-team-image\">\n\t\t\t\t<figure>\n\t\t\t\t\t<img src=\"https:\/\/cinemigrante.org\/muestras-itinerantes\/wp-content\/uploads\/2022\/02\/nicolas-klotz-y-elisabeth-perceval.jpg\" alt=\"\">\n\t\t\t\t<\/figure>\n\t\t\t\t\t\t\t<\/div>\n\n\t\t\t<div class=\"eael-team-content\">\n\t\t\t\t<h3 class=\"eael-team-member-name\">NICOLAS KLOTZ Y ELIZABETH PERCEVAL<\/h3>\n\t\t\t\t<h4 class=\"eael-team-member-position\"> <\/h4>\n\n\t\t\t\t\t\t\t\t\t\t\t\t\t\t<p class=\"eael-team-text\">Nicolas Klotz comenz\u00f3 su carrera cinematogr\u00e1fica, dirigiendo documentales musicales, como Chants de sable et des etoiles (1996), y los largometrajes La nuit Bengali (1988) y La nuit sacree (1993). En 2004, fund\u00f3 la productora Petits et Grands Oiseaux con la guionista Elisabeth Perceval, y juntos han dirigido La Trilogie des Temps Modernes, que comenz\u00f3 en 2000 con Paria (premio especial del jurado en San Sebasti\u00e1n), y continu\u00f3 con La Blessure (2004) y La question humaine (2007), ambas seleccionadas en la Quincena de Realizadores de Cannes. La question humaine recibi\u00f3 el premio al mejor actor en Gij\u00f3n 2007 (Mathieu Amalric) y el premio Gil Parrondo a la mejor direcci\u00f3n art\u00edstica (Antoine Platteau). Klotz y Perceval est\u00e1n desarrollando dos pel\u00edculas fant\u00e1sticas ambientadas en la Revoluci\u00f3n Francesa: Ceremony y Les Talons rouges.<\/p>\n\t\t\t\t\t\t\t<\/div>\n\t\t<\/div>\n\t<\/div>\n\t\t\t<\/div>\n\t\t\t\t<\/div>\n\t\t\t\t\t<\/div>\n\t\t<\/div>\n\t\t\t\t\t\t\t<\/div>\n\t\t<\/section>\n\t\t\t\t\t\t<\/div>\n\t\t\t\t\t<\/div>\n\t\t","protected":false},"excerpt":{"rendered":"<p>Invitades internacionales FELIPE MONROY Es un realizador colombiano nacido en 1983 en Bogot\u00e1. Criado en una humilde familia india, tuvo la oportunidad de viajar a Suiza en el 2007, donde &hellip; <\/p>\n<p class=\"link-more\"><a href=\"https:\/\/cinemigrante.org\/muestras-itinerantes\/4-edicion\/invitades\/\" class=\"more-link\">Continue reading<span class=\"screen-reader-text\"> \u00abInvitades\u00bb<\/span><\/a><\/p>\n","protected":false},"author":10,"featured_media":0,"parent":15644,"menu_order":0,"comment_status":"closed","ping_status":"closed","template":"elementor_header_footer","meta":[],"acf":[],"_links":{"self":[{"href":"https:\/\/cinemigrante.org\/muestras-itinerantes\/wp-json\/wp\/v2\/pages\/15651"}],"collection":[{"href":"https:\/\/cinemigrante.org\/muestras-itinerantes\/wp-json\/wp\/v2\/pages"}],"about":[{"href":"https:\/\/cinemigrante.org\/muestras-itinerantes\/wp-json\/wp\/v2\/types\/page"}],"author":[{"embeddable":true,"href":"https:\/\/cinemigrante.org\/muestras-itinerantes\/wp-json\/wp\/v2\/users\/10"}],"replies":[{"embeddable":true,"href":"https:\/\/cinemigrante.org\/muestras-itinerantes\/wp-json\/wp\/v2\/comments?post=15651"}],"version-history":[{"count":4,"href":"https:\/\/cinemigrante.org\/muestras-itinerantes\/wp-json\/wp\/v2\/pages\/15651\/revisions"}],"predecessor-version":[{"id":15692,"href":"https:\/\/cinemigrante.org\/muestras-itinerantes\/wp-json\/wp\/v2\/pages\/15651\/revisions\/15692"}],"up":[{"embeddable":true,"href":"https:\/\/cinemigrante.org\/muestras-itinerantes\/wp-json\/wp\/v2\/pages\/15644"}],"wp:attachment":[{"href":"https:\/\/cinemigrante.org\/muestras-itinerantes\/wp-json\/wp\/v2\/media?parent=15651"}],"curies":[{"name":"wp","href":"https:\/\/api.w.org\/{rel}","templated":true}]}}