                                                                                                                                                                                                                                                                                                                                                                                                                                                                                                    






{"id":14658,"date":"2022-02-07T18:06:44","date_gmt":"2022-02-07T21:06:44","guid":{"rendered":"https:\/\/cinemigrante.com\/ediciones-anteriores\/?page_id=14658"},"modified":"2022-04-05T11:38:10","modified_gmt":"2022-04-05T14:38:10","slug":"staff","status":"publish","type":"page","link":"https:\/\/cinemigrante.org\/muestras-itinerantes\/barcelona\/6-edicion\/staff\/","title":{"rendered":"Staff"},"content":{"rendered":"\t\t<div data-elementor-type=\"wp-page\" data-elementor-id=\"14658\" class=\"elementor elementor-14658\" data-elementor-settings=\"[]\">\n\t\t\t\t\t\t\t<div class=\"elementor-section-wrap\">\n\t\t\t\t\t\t\t<section class=\"elementor-section elementor-top-section elementor-element elementor-element-d64373b elementor-section-boxed elementor-section-height-default elementor-section-height-default\" data-id=\"d64373b\" data-element_type=\"section\" data-settings=\"{&quot;background_background&quot;:&quot;classic&quot;}\">\n\t\t\t\t\t\t\t<div class=\"elementor-background-overlay\"><\/div>\n\t\t\t\t\t\t\t<div class=\"elementor-container elementor-column-gap-default\">\n\t\t\t\t\t<div class=\"elementor-column elementor-col-100 elementor-top-column elementor-element elementor-element-6800cddb\" data-id=\"6800cddb\" data-element_type=\"column\" data-settings=\"{&quot;background_background&quot;:&quot;classic&quot;}\">\n\t\t\t<div class=\"elementor-widget-wrap elementor-element-populated\">\n\t\t\t\t\t\t\t\t<div class=\"elementor-element elementor-element-2a623b42 elementor-widget elementor-widget-heading\" data-id=\"2a623b42\" data-element_type=\"widget\" data-widget_type=\"heading.default\">\n\t\t\t\t<div class=\"elementor-widget-container\">\n\t\t\t<h2 class=\"elementor-heading-title elementor-size-default\">Staff<\/h2>\t\t<\/div>\n\t\t\t\t<\/div>\n\t\t\t\t<div class=\"elementor-element elementor-element-11747f04 eael-team-align-left historico-honor  elementor-widget elementor-widget-eael-team-member\" data-id=\"11747f04\" data-element_type=\"widget\" data-widget_type=\"eael-team-member.default\">\n\t\t\t\t<div class=\"elementor-widget-container\">\n\t\t\t\n\n\t<div id=\"eael-team-member-11747f04\" class=\"eael-team-item eael-team-members-simple \">\n\t\t<div class=\"eael-team-item-inner\">\n\t\t\t<div class=\"eael-team-image\">\n\t\t\t\t<figure>\n\t\t\t\t\t<img src=\"https:\/\/cinemigrante.org\/muestras-itinerantes\/wp-content\/uploads\/2022\/02\/florchi-e1534553396621.jpg\" alt=\"\">\n\t\t\t\t<\/figure>\n\t\t\t\t\t\t\t<\/div>\n\n\t\t\t<div class=\"eael-team-content\">\n\t\t\t\t<h3 class=\"eael-team-member-name\">FLORENCIA MAZZADI<\/h3>\n\t\t\t\t<h4 class=\"eael-team-member-position\">Directora y Directora art\u00edstica <\/h4>\n\n\t\t\t\t\t\t\t\t\t\t\t\t\t\t<p class=\"eael-team-text\">Desde el a\u00f1o 2010 dirige el Festival Internacional CineMigrante. Realizando la carrera de Lic. y Profesora en Ense\u00f1anza Media en Historia en la Universidad de Buenos Aires comienza a trabajar de muy joven como curadora y montajista en los Museos de la Ciudad de Buenos Aires. Luego es nombrada coordinadora del Museo Casa Carlos Gardel.\n\nA partir del 2004 comienza a trabajar en cine y hasta el 2010 trabaja en el archivo f\u00edlmico de noticieros del Museo del Cine. Participa en documen\u00adtales como guionista e investigadora en cine y memoria. En el 2009 recibe la beca del Ministerio de Cultura del Gobierno de Espa\u00f1a para la formaci\u00f3n de profesionales iberoamericanos en el Seguimiento de los procesos de tratamiento documental de los fondos de la Filmoteca Espa\u00f1ola. Actualmente, tambi\u00e9n se desempe\u00f1a en proyectos audiovisuales desde lenguajes perform\u00e1ticos, cine experimental y cine expandido. <\/p>\n\t\t\t\t\t\t\t<\/div>\n\t\t<\/div>\n\t<\/div>\n\t\t\t<\/div>\n\t\t\t\t<\/div>\n\t\t\t\t<div class=\"elementor-element elementor-element-1eec713a eael-team-align-left historico-honor  elementor-widget elementor-widget-eael-team-member\" data-id=\"1eec713a\" data-element_type=\"widget\" data-widget_type=\"eael-team-member.default\">\n\t\t\t\t<div class=\"elementor-widget-container\">\n\t\t\t\n\n\t<div id=\"eael-team-member-1eec713a\" class=\"eael-team-item eael-team-members-simple \">\n\t\t<div class=\"eael-team-item-inner\">\n\t\t\t<div class=\"eael-team-image\">\n\t\t\t\t<figure>\n\t\t\t\t\t<img src=\"https:\/\/cinemigrante.org\/muestras-itinerantes\/wp-content\/uploads\/2022\/02\/Martina-bernabai.jpg\" alt=\"\">\n\t\t\t\t<\/figure>\n\t\t\t\t\t\t\t<\/div>\n\n\t\t\t<div class=\"eael-team-content\">\n\t\t\t\t<h3 class=\"eael-team-member-name\">MARTINA BERNABAI<\/h3>\n\t\t\t\t<h4 class=\"eael-team-member-position\">Coordinaci\u00f3n general Barcelona<\/h4>\n\n\t\t\t\t\t\t\t\t\t\t\t\t\t\t<p class=\"eael-team-text\">Nacida en Italia. Despu\u00e9s de la carrera en Historia del Arte y Planificaci\u00f3n Cultural se dedica a investigar sobre temas de ciudadan\u00eda, derechos y filosof\u00eda pol\u00edtica.\nContin\u00faa su viaje de aprendizaje cada d\u00eda junto y con muchas compa\u00f1eras con las cuales comparte vida, luchas y procesos de autoaprendizaje mutuo.<\/p>\n\t\t\t\t\t\t\t<\/div>\n\t\t<\/div>\n\t<\/div>\n\t\t\t<\/div>\n\t\t\t\t<\/div>\n\t\t\t\t<div class=\"elementor-element elementor-element-73ee65f2 eael-team-align-left historico-honor  elementor-widget elementor-widget-eael-team-member\" data-id=\"73ee65f2\" data-element_type=\"widget\" data-widget_type=\"eael-team-member.default\">\n\t\t\t\t<div class=\"elementor-widget-container\">\n\t\t\t\n\n\t<div id=\"eael-team-member-73ee65f2\" class=\"eael-team-item eael-team-members-simple \">\n\t\t<div class=\"eael-team-item-inner\">\n\t\t\t<div class=\"eael-team-image\">\n\t\t\t\t<figure>\n\t\t\t\t\t<img src=\"https:\/\/cinemigrante.org\/muestras-itinerantes\/wp-content\/uploads\/2022\/04\/foto-GABRIELE.jpg\" alt=\"\">\n\t\t\t\t<\/figure>\n\t\t\t\t\t\t\t<\/div>\n\n\t\t\t<div class=\"eael-team-content\">\n\t\t\t\t<h3 class=\"eael-team-member-name\">GABRIELE D\u2019ADDA<\/h3>\n\t\t\t\t<h4 class=\"eael-team-member-position\">Producci\u00f3n general<\/h4>\n\n\t\t\t\t\t\t\t\t\t\t\t\t\t\t<p class=\"eael-team-text\">Viajero y activista por excelencia, se gradu\u00f3 hace unos a\u00f1os en ciencias pol\u00edticas. Nacido en Italia, en los \u00faltimos a\u00f1os ha vivido, estudiado y trabajado entre Francia, Espa\u00f1a e Italia. Considera que los movimientos sociales tienen un papel clave en la lucha contra la injusticia y la desigualdad y que, ahora mismo, desmantelar la \u201cFortress Europe\u201d es una prioridad.<\/p>\n\t\t\t\t\t\t\t<\/div>\n\t\t<\/div>\n\t<\/div>\n\t\t\t<\/div>\n\t\t\t\t<\/div>\n\t\t\t\t<div class=\"elementor-element elementor-element-28b5dd6 eael-team-align-left historico-honor  elementor-widget elementor-widget-eael-team-member\" data-id=\"28b5dd6\" data-element_type=\"widget\" data-widget_type=\"eael-team-member.default\">\n\t\t\t\t<div class=\"elementor-widget-container\">\n\t\t\t\n\n\t<div id=\"eael-team-member-28b5dd6\" class=\"eael-team-item eael-team-members-simple \">\n\t\t<div class=\"eael-team-item-inner\">\n\t\t\t<div class=\"eael-team-image\">\n\t\t\t\t<figure>\n\t\t\t\t\t<img src=\"https:\/\/cinemigrante.org\/muestras-itinerantes\/wp-content\/uploads\/2022\/04\/FotoAnna-Alie-Zanini.jpg\" alt=\"\">\n\t\t\t\t<\/figure>\n\t\t\t\t\t\t\t<\/div>\n\n\t\t\t<div class=\"eael-team-content\">\n\t\t\t\t<h3 class=\"eael-team-member-name\">ANNA ALI\u00c9 ZANINI<\/h3>\n\t\t\t\t<h4 class=\"eael-team-member-position\">Producci\u00f3n general<\/h4>\n\n\t\t\t\t\t\t\t\t\t\t\t\t\t\t<p class=\"eael-team-text\">Graduada en cine y medios audiovisuales y especializada en documental social. Trabaja como t\u00e9cnica de proyectos de Educaci\u00f3n para el desarrollo en la Fundaci\u00f3n Gun\u00e9 desde el a\u00f1o 2009. Su trayectoria se centra en la creaci\u00f3n de proyectos que fomenten la interculturalidad y la cohesi\u00f3n social a trav\u00e9s del medio audiovisual.<\/p>\n\t\t\t\t\t\t\t<\/div>\n\t\t<\/div>\n\t<\/div>\n\t\t\t<\/div>\n\t\t\t\t<\/div>\n\t\t\t\t<div class=\"elementor-element elementor-element-f7bd13f eael-team-align-left historico-honor  elementor-widget elementor-widget-eael-team-member\" data-id=\"f7bd13f\" data-element_type=\"widget\" data-widget_type=\"eael-team-member.default\">\n\t\t\t\t<div class=\"elementor-widget-container\">\n\t\t\t\n\n\t<div id=\"eael-team-member-f7bd13f\" class=\"eael-team-item eael-team-members-simple \">\n\t\t<div class=\"eael-team-item-inner\">\n\t\t\t<div class=\"eael-team-image\">\n\t\t\t\t<figure>\n\t\t\t\t\t<img src=\"https:\/\/cinemigrante.org\/muestras-itinerantes\/wp-content\/uploads\/2022\/04\/foto-Aurea.jpg\" alt=\"\">\n\t\t\t\t<\/figure>\n\t\t\t\t\t\t\t<\/div>\n\n\t\t\t<div class=\"eael-team-content\">\n\t\t\t\t<h3 class=\"eael-team-member-name\">\u00c1UREA MART\u00cdN<\/h3>\n\t\t\t\t<h4 class=\"eael-team-member-position\">Contenidos y comunicaci\u00f3n<\/h4>\n\n\t\t\t\t\t\t\t\t\t\t\t\t\t\t<p class=\"eael-team-text\">Nacida en Inglaterra, lleg\u00f3 a Barcelona hace m\u00e1s de 30 a\u00f1os a estudiar filosof\u00eda y all\u00ed fue tejiendo sus redes de apoyo mutuo y resistencia. Activista contra el racismo institucional y la impunidad policial en Tras la Manta, Tanquem els CIEs y otros espacios de lucha. Colaboradora habitual en peque\u00f1os proyectos culturales con miradas desde el margen, comparte desde hace a\u00f1os en talleres propuestas y experiencias sobre el uso de las redes sociales para la comunicaci\u00f3n social y cultural.<\/p>\n\t\t\t\t\t\t\t<\/div>\n\t\t<\/div>\n\t<\/div>\n\t\t\t<\/div>\n\t\t\t\t<\/div>\n\t\t\t\t<div class=\"elementor-element elementor-element-44b1ccb4 eael-team-align-left historico-honor  elementor-widget elementor-widget-eael-team-member\" data-id=\"44b1ccb4\" data-element_type=\"widget\" data-widget_type=\"eael-team-member.default\">\n\t\t\t\t<div class=\"elementor-widget-container\">\n\t\t\t\n\n\t<div id=\"eael-team-member-44b1ccb4\" class=\"eael-team-item eael-team-members-simple \">\n\t\t<div class=\"eael-team-item-inner\">\n\t\t\t<div class=\"eael-team-image\">\n\t\t\t\t<figure>\n\t\t\t\t\t<img src=\"https:\/\/cinemigrante.org\/muestras-itinerantes\/wp-content\/uploads\/2022\/04\/foto-BRENDA.jpg\" alt=\"\">\n\t\t\t\t<\/figure>\n\t\t\t\t\t\t\t<\/div>\n\n\t\t\t<div class=\"eael-team-content\">\n\t\t\t\t<h3 class=\"eael-team-member-name\">BRENDA BIAANI LE\u00d3N G\u00d3MEZ<\/h3>\n\t\t\t\t<h4 class=\"eael-team-member-position\">Contenidos y comunicaci\u00f3n<\/h4>\n\n\t\t\t\t\t\t\t\t\t\t\t\t\t\t<p class=\"eael-team-text\">Nacida en Oaxaca, M\u00e9xico, estudio Medicina en la Universidad Aut\u00f3noma de Tamaulipas y un M\u00e1ster en Salud P\u00fablica por la Universidad Aut\u00f3noma de Barcelona y la Universidad Pompeu Fabra, sus trabajos han sido presentados en foros nacionales e internacionales como el Parlamento Europeo. Activista social e investigadora pre-doctoral en la Universidad Pompeu Fabra y Agencia de Salud P\u00fablica de Barcelona, trabajando l\u00edneas de investigaci\u00f3n sobre desigualdades en salud.<\/p>\n\t\t\t\t\t\t\t<\/div>\n\t\t<\/div>\n\t<\/div>\n\t\t\t<\/div>\n\t\t\t\t<\/div>\n\t\t\t\t<div class=\"elementor-element elementor-element-1e4f2379 eael-team-align-left historico-honor  elementor-widget elementor-widget-eael-team-member\" data-id=\"1e4f2379\" data-element_type=\"widget\" data-widget_type=\"eael-team-member.default\">\n\t\t\t\t<div class=\"elementor-widget-container\">\n\t\t\t\n\n\t<div id=\"eael-team-member-1e4f2379\" class=\"eael-team-item eael-team-members-simple \">\n\t\t<div class=\"eael-team-item-inner\">\n\t\t\t<div class=\"eael-team-image\">\n\t\t\t\t<figure>\n\t\t\t\t\t<img src=\"https:\/\/cinemigrante.org\/muestras-itinerantes\/wp-content\/uploads\/2022\/04\/Foto-majo-siscar.jpg\" alt=\"\">\n\t\t\t\t<\/figure>\n\t\t\t\t\t\t\t<\/div>\n\n\t\t\t<div class=\"eael-team-content\">\n\t\t\t\t<h3 class=\"eael-team-member-name\">MAJO SISCAR<\/h3>\n\t\t\t\t<h4 class=\"eael-team-member-position\">Prensa y Comunicaci\u00f3n<\/h4>\n\n\t\t\t\t\t\t\t\t\t\t\t\t\t\t<p class=\"eael-team-text\">Periodista. Desde 2009 hasta 2017 ha explicado M\u00e9xico, Centroam\u00e9rica y el Caribe, para medios internacionales como \u2018eldiario.es, \u2018Newsweek\u2019, \u2018Deutsche Welle\u2019, \u2018El Pa\u00eds\u2019, \u2018Animal Pol\u00edtico\u2019, \u2018Vice News\u2019 o \u2018The New York Times\u2019. Ha cubierto el camino de los migrantes latinoamericanos hacia EEUU, la violencia en Centroam\u00e9rica, la guerra contra las drogas en M\u00e9xico o la disputa transfronteriza entre Colombia y Venezuela,\u2026 Premio Manuel Alc\u00e1ntara de Periodismo Joven 2017 por un reportaje sobre el proceso de paz en Colombia publicado en 5W, y Premio Europeo a la Excelencia Period\u00edstica en Derechos Sexuales y Reproductivos 2011. Este 2018, su primer gui\u00f3n se ha convertido en el corto \u00bfMe vas a gritar?, de Laura Herrero Garvin, menci\u00f3n honor\u00edfica en el Festival de Guanajuato.<\/p>\n\t\t\t\t\t\t\t<\/div>\n\t\t<\/div>\n\t<\/div>\n\t\t\t<\/div>\n\t\t\t\t<\/div>\n\t\t\t\t\t<\/div>\n\t\t<\/div>\n\t\t\t\t\t\t\t<\/div>\n\t\t<\/section>\n\t\t\t\t\t\t<\/div>\n\t\t\t\t\t<\/div>\n\t\t","protected":false},"excerpt":{"rendered":"<p>Staff FLORENCIA MAZZADI Directora y Directora art\u00edstica Desde el a\u00f1o 2010 dirige el Festival Internacional CineMigrante. Realizando la carrera de Lic. y Profesora en Ense\u00f1anza Media en Historia en la &hellip; <\/p>\n<p class=\"link-more\"><a href=\"https:\/\/cinemigrante.org\/muestras-itinerantes\/barcelona\/6-edicion\/staff\/\" class=\"more-link\">Continue reading<span class=\"screen-reader-text\"> \u00abStaff\u00bb<\/span><\/a><\/p>\n","protected":false},"author":10,"featured_media":0,"parent":14628,"menu_order":0,"comment_status":"closed","ping_status":"closed","template":"elementor_header_footer","meta":[],"acf":[],"_links":{"self":[{"href":"https:\/\/cinemigrante.org\/muestras-itinerantes\/wp-json\/wp\/v2\/pages\/14658"}],"collection":[{"href":"https:\/\/cinemigrante.org\/muestras-itinerantes\/wp-json\/wp\/v2\/pages"}],"about":[{"href":"https:\/\/cinemigrante.org\/muestras-itinerantes\/wp-json\/wp\/v2\/types\/page"}],"author":[{"embeddable":true,"href":"https:\/\/cinemigrante.org\/muestras-itinerantes\/wp-json\/wp\/v2\/users\/10"}],"replies":[{"embeddable":true,"href":"https:\/\/cinemigrante.org\/muestras-itinerantes\/wp-json\/wp\/v2\/comments?post=14658"}],"version-history":[{"count":7,"href":"https:\/\/cinemigrante.org\/muestras-itinerantes\/wp-json\/wp\/v2\/pages\/14658\/revisions"}],"predecessor-version":[{"id":16710,"href":"https:\/\/cinemigrante.org\/muestras-itinerantes\/wp-json\/wp\/v2\/pages\/14658\/revisions\/16710"}],"up":[{"embeddable":true,"href":"https:\/\/cinemigrante.org\/muestras-itinerantes\/wp-json\/wp\/v2\/pages\/14628"}],"wp:attachment":[{"href":"https:\/\/cinemigrante.org\/muestras-itinerantes\/wp-json\/wp\/v2\/media?parent=14658"}],"curies":[{"name":"wp","href":"https:\/\/api.w.org\/{rel}","templated":true}]}}