                                                                                                                                                                                                                                                                                                                                                                                                                                                                                                    






{"id":14638,"date":"2022-02-07T18:03:59","date_gmt":"2022-02-07T21:03:59","guid":{"rendered":"https:\/\/cinemigrante.com\/ediciones-anteriores\/?page_id=14638"},"modified":"2022-04-05T11:43:13","modified_gmt":"2022-04-05T14:43:13","slug":"colaboradores","status":"publish","type":"page","link":"https:\/\/cinemigrante.org\/muestras-itinerantes\/barcelona\/6-edicion\/colaboradores\/","title":{"rendered":"Colaboradores"},"content":{"rendered":"\t\t<div data-elementor-type=\"wp-page\" data-elementor-id=\"14638\" class=\"elementor elementor-14638\" data-elementor-settings=\"[]\">\n\t\t\t\t\t\t\t<div class=\"elementor-section-wrap\">\n\t\t\t\t\t\t\t<section class=\"elementor-section elementor-top-section elementor-element elementor-element-9e4ffc4 elementor-section-boxed elementor-section-height-default elementor-section-height-default\" data-id=\"9e4ffc4\" data-element_type=\"section\" data-settings=\"{&quot;background_background&quot;:&quot;classic&quot;}\">\n\t\t\t\t\t\t\t<div class=\"elementor-background-overlay\"><\/div>\n\t\t\t\t\t\t\t<div class=\"elementor-container elementor-column-gap-default\">\n\t\t\t\t\t<div class=\"elementor-column elementor-col-100 elementor-top-column elementor-element elementor-element-76da396\" data-id=\"76da396\" data-element_type=\"column\" data-settings=\"{&quot;background_background&quot;:&quot;classic&quot;}\">\n\t\t\t<div class=\"elementor-widget-wrap elementor-element-populated\">\n\t\t\t\t\t\t\t\t<div class=\"elementor-element elementor-element-7226af3 elementor-widget elementor-widget-heading\" data-id=\"7226af3\" data-element_type=\"widget\" data-widget_type=\"heading.default\">\n\t\t\t\t<div class=\"elementor-widget-container\">\n\t\t\t<h2 class=\"elementor-heading-title elementor-size-default\">Colaboradores<\/h2>\t\t<\/div>\n\t\t\t\t<\/div>\n\t\t\t\t<div class=\"elementor-element elementor-element-f2fd5fe elementor-widget elementor-widget-image\" data-id=\"f2fd5fe\" data-element_type=\"widget\" data-widget_type=\"image.default\">\n\t\t\t\t<div class=\"elementor-widget-container\">\n\t\t\t\t\t\t\t\t\t\t\t\t\t\t\t<img width=\"760\" height=\"534\" src=\"https:\/\/cinemigrante.org\/muestras-itinerantes\/wp-content\/uploads\/2022\/04\/Programa-de-mano-BCN-2019-01-768x540.jpg\" class=\"attachment-medium_large size-medium_large\" alt=\"\" loading=\"lazy\" srcset=\"https:\/\/cinemigrante.org\/muestras-itinerantes\/wp-content\/uploads\/2022\/04\/Programa-de-mano-BCN-2019-01-768x540.jpg 768w, https:\/\/cinemigrante.org\/muestras-itinerantes\/wp-content\/uploads\/2022\/04\/Programa-de-mano-BCN-2019-01-300x211.jpg 300w, https:\/\/cinemigrante.org\/muestras-itinerantes\/wp-content\/uploads\/2022\/04\/Programa-de-mano-BCN-2019-01-1024x721.jpg 1024w, https:\/\/cinemigrante.org\/muestras-itinerantes\/wp-content\/uploads\/2022\/04\/Programa-de-mano-BCN-2019-01-1536x1081.jpg 1536w, https:\/\/cinemigrante.org\/muestras-itinerantes\/wp-content\/uploads\/2022\/04\/Programa-de-mano-BCN-2019-01.jpg 1654w\" sizes=\"(max-width: 760px) 100vw, 760px\" \/>\t\t\t\t\t\t\t\t\t\t\t\t\t\t\t<\/div>\n\t\t\t\t<\/div>\n\t\t\t\t<div class=\"elementor-element elementor-element-cbaf933 elementor-widget elementor-widget-heading\" data-id=\"cbaf933\" data-element_type=\"widget\" data-widget_type=\"heading.default\">\n\t\t\t\t<div class=\"elementor-widget-container\">\n\t\t\t<p class=\"elementor-heading-title elementor-size-default\">Fundaci\u00f3n Gun\u00e9<\/p>\t\t<\/div>\n\t\t\t\t<\/div>\n\t\t\t\t<div class=\"elementor-element elementor-element-b3ccd1d elementor-widget elementor-widget-heading\" data-id=\"b3ccd1d\" data-element_type=\"widget\" data-widget_type=\"heading.default\">\n\t\t\t\t<div class=\"elementor-widget-container\">\n\t\t\t<p class=\"elementor-heading-title elementor-size-default\">Fundaci\u00f3n Gun\u00e9 es una organizaci\u00f3n no gubernamental creada en 2004 que tiene como objetivo acompa\u00f1ar los procesos de transformaci\u00f3n de la regi\u00f3n de Kolda, Senegal, reforzando la lucha contra la pobreza y la marginaci\u00f3n, el desarrollo humano sostenible, la promoci\u00f3n y la defensa los derechos humanos, la igualdad de g\u00e9nero y la promoci\u00f3n de la mujer.<br><br>Aparte de apoyar proyectos de cooperaci\u00f3n internacional desde el a\u00f1o 2007 interviene en proyectos que contribuyan a la construcci\u00f3n de una sociedad basada en los valores de los derechos humanos, la responsabilidad social y el fomento de un sentido de pertenencia a un mismo mundo, cohabitando personas con identidades, lenguas, culturas diversas y siendo corresponsables en el desarrollo de un mundo sostenible.<\/p>\t\t<\/div>\n\t\t\t\t<\/div>\n\t\t\t\t\t<\/div>\n\t\t<\/div>\n\t\t\t\t\t\t\t<\/div>\n\t\t<\/section>\n\t\t\t\t\t\t<\/div>\n\t\t\t\t\t<\/div>\n\t\t","protected":false},"excerpt":{"rendered":"<p>Colaboradores Fundaci\u00f3n Gun\u00e9 Fundaci\u00f3n Gun\u00e9 es una organizaci\u00f3n no gubernamental creada en 2004 que tiene como objetivo acompa\u00f1ar los procesos de transformaci\u00f3n de la regi\u00f3n de Kolda, Senegal, reforzando la &hellip; <\/p>\n<p class=\"link-more\"><a href=\"https:\/\/cinemigrante.org\/muestras-itinerantes\/barcelona\/6-edicion\/colaboradores\/\" class=\"more-link\">Continue reading<span class=\"screen-reader-text\"> \u00abColaboradores\u00bb<\/span><\/a><\/p>\n","protected":false},"author":10,"featured_media":0,"parent":14628,"menu_order":0,"comment_status":"closed","ping_status":"closed","template":"elementor_header_footer","meta":[],"acf":[],"_links":{"self":[{"href":"https:\/\/cinemigrante.org\/muestras-itinerantes\/wp-json\/wp\/v2\/pages\/14638"}],"collection":[{"href":"https:\/\/cinemigrante.org\/muestras-itinerantes\/wp-json\/wp\/v2\/pages"}],"about":[{"href":"https:\/\/cinemigrante.org\/muestras-itinerantes\/wp-json\/wp\/v2\/types\/page"}],"author":[{"embeddable":true,"href":"https:\/\/cinemigrante.org\/muestras-itinerantes\/wp-json\/wp\/v2\/users\/10"}],"replies":[{"embeddable":true,"href":"https:\/\/cinemigrante.org\/muestras-itinerantes\/wp-json\/wp\/v2\/comments?post=14638"}],"version-history":[{"count":7,"href":"https:\/\/cinemigrante.org\/muestras-itinerantes\/wp-json\/wp\/v2\/pages\/14638\/revisions"}],"predecessor-version":[{"id":16714,"href":"https:\/\/cinemigrante.org\/muestras-itinerantes\/wp-json\/wp\/v2\/pages\/14638\/revisions\/16714"}],"up":[{"embeddable":true,"href":"https:\/\/cinemigrante.org\/muestras-itinerantes\/wp-json\/wp\/v2\/pages\/14628"}],"wp:attachment":[{"href":"https:\/\/cinemigrante.org\/muestras-itinerantes\/wp-json\/wp\/v2\/media?parent=14638"}],"curies":[{"name":"wp","href":"https:\/\/api.w.org\/{rel}","templated":true}]}}