






{"id":16911,"date":"2022-04-25T13:20:50","date_gmt":"2022-04-25T16:20:50","guid":{"rendered":"https:\/\/cinemigrante.org\/ediciones-anteriores\/?page_id=16911"},"modified":"2022-04-25T13:23:27","modified_gmt":"2022-04-25T16:23:27","slug":"jurados","status":"publish","type":"page","link":"https:\/\/cinemigrante.org\/ediciones-anteriores\/1-edicion\/jurados","title":{"rendered":"Jurados"},"content":{"rendered":"\t\t<div data-elementor-type=\"wp-page\" data-elementor-id=\"16911\" class=\"elementor elementor-16911\">\n\t\t\t\t\t\t<section class=\"elementor-section elementor-top-section elementor-element elementor-element-d64373b elementor-section-boxed elementor-section-height-default elementor-section-height-default\" data-id=\"d64373b\" data-element_type=\"section\" data-settings=\"{&quot;background_background&quot;:&quot;classic&quot;}\">\n\t\t\t\t\t\t\t<div class=\"elementor-background-overlay\"><\/div>\n\t\t\t\t\t\t\t<div class=\"elementor-container elementor-column-gap-default\">\n\t\t\t\t\t<div class=\"elementor-column elementor-col-100 elementor-top-column elementor-element elementor-element-6800cddb\" data-id=\"6800cddb\" data-element_type=\"column\" data-settings=\"{&quot;background_background&quot;:&quot;classic&quot;}\">\n\t\t\t<div class=\"elementor-widget-wrap elementor-element-populated\">\n\t\t\t\t\t\t<div class=\"elementor-element elementor-element-2a623b42 elementor-widget elementor-widget-heading\" data-id=\"2a623b42\" data-element_type=\"widget\" data-widget_type=\"heading.default\">\n\t\t\t\t<div class=\"elementor-widget-container\">\n\t\t\t<style>\/*! elementor - v3.23.0 - 15-07-2024 *\/\n.elementor-heading-title{padding:0;margin:0;line-height:1}.elementor-widget-heading .elementor-heading-title[class*=elementor-size-]>a{color:inherit;font-size:inherit;line-height:inherit}.elementor-widget-heading .elementor-heading-title.elementor-size-small{font-size:15px}.elementor-widget-heading .elementor-heading-title.elementor-size-medium{font-size:19px}.elementor-widget-heading .elementor-heading-title.elementor-size-large{font-size:29px}.elementor-widget-heading .elementor-heading-title.elementor-size-xl{font-size:39px}.elementor-widget-heading .elementor-heading-title.elementor-size-xxl{font-size:59px}<\/style><h2 class=\"elementor-heading-title elementor-size-default\">Jurados<\/h2>\t\t<\/div>\n\t\t\t\t<\/div>\n\t\t\t\t<section class=\"elementor-section elementor-inner-section elementor-element elementor-element-f056724 elementor-section-boxed elementor-section-height-default elementor-section-height-default\" data-id=\"f056724\" data-element_type=\"section\">\n\t\t\t\t\t\t<div class=\"elementor-container elementor-column-gap-default\">\n\t\t\t\t\t<div class=\"elementor-column elementor-col-33 elementor-inner-column elementor-element elementor-element-747fab9\" data-id=\"747fab9\" data-element_type=\"column\">\n\t\t\t<div class=\"elementor-widget-wrap elementor-element-populated\">\n\t\t\t\t\t\t<div class=\"elementor-element elementor-element-11747f04 eael-team-align-left jurados elementor-widget elementor-widget-eael-team-member\" data-id=\"11747f04\" data-element_type=\"widget\" data-widget_type=\"eael-team-member.default\">\n\t\t\t\t<div class=\"elementor-widget-container\">\n\t\t\t\n\n\t<div id=\"eael-team-member-11747f04\" class=\"eael-team-item eael-team-members-centered \">\n\t\t<div class=\"eael-team-item-inner\">\n\t\t\t<div class=\"eael-team-image\">\n\t\t\t\t<figure>\n\t\t\t\t\t<img decoding=\"async\" src=\"https:\/\/cinemigrante.org\/ediciones-anteriores\/wp-content\/uploads\/2022\/04\/arruti.jpg\" alt=\"\">\n\t\t\t\t<\/figure>\n\t\t\t\t\n\t\t\t\t\n\t\t\t<\/div>\n\n\t\t\t<div class=\"eael-team-content\">\n\t\t\t\t<h2 class=\"eael-team-member-name\">Mariana Arruti<\/h2>\n\t\t\t\t<h3 class=\"eael-team-member-position\">JURADO <\/h3>\n\n\t\t\t\t\t\t\t\t\t\t\t\t\t\t<p class=\"eael-team-text\">Es una antrop\u00f3loga y cineasta argentina. Es realizadora de varios documentales en los que se ve trazada una constante b\u00fasqueda por la identidad individual, as\u00ed c\u00f3mo el de una memoria colectiva de Argentina y Am\u00e9rica Latina. Su pel\u00edcula Trelew, la fuga que fue masacre gan\u00f3 el Premio C\u00f3ndor de Plata al Mejor Gui\u00f3n de pel\u00edcula documental. Tambi\u00e9n fue galardonada como mejor direcci\u00f3n de documental en el Festival de Cine de las Tres Fronteras como Mejor Direcci\u00f3n en documental.\n<\/p>\n\t\t\t\t\t\t\t<\/div>\n\t\t<\/div>\n\t<\/div>\n\t\t\t<\/div>\n\t\t\t\t<\/div>\n\t\t\t\t\t<\/div>\n\t\t<\/div>\n\t\t\t\t<div class=\"elementor-column elementor-col-33 elementor-inner-column elementor-element elementor-element-874bd74\" data-id=\"874bd74\" data-element_type=\"column\">\n\t\t\t<div class=\"elementor-widget-wrap elementor-element-populated\">\n\t\t\t\t\t\t<div class=\"elementor-element elementor-element-1eec713a eael-team-align-left jurados elementor-widget elementor-widget-eael-team-member\" data-id=\"1eec713a\" data-element_type=\"widget\" data-widget_type=\"eael-team-member.default\">\n\t\t\t\t<div class=\"elementor-widget-container\">\n\t\t\t\n\n\t<div id=\"eael-team-member-1eec713a\" class=\"eael-team-item eael-team-members-centered \">\n\t\t<div class=\"eael-team-item-inner\">\n\t\t\t<div class=\"eael-team-image\">\n\t\t\t\t<figure>\n\t\t\t\t\t<img decoding=\"async\" src=\"https:\/\/cinemigrante.org\/ediciones-anteriores\/wp-content\/uploads\/2022\/04\/foster.jpg\" alt=\"\">\n\t\t\t\t<\/figure>\n\t\t\t\t\n\t\t\t\t\n\t\t\t<\/div>\n\n\t\t\t<div class=\"eael-team-content\">\n\t\t\t\t<h2 class=\"eael-team-member-name\">Ricardo Forster<\/h2>\n\t\t\t\t<h3 class=\"eael-team-member-position\">JURADO <\/h3>\n\n\t\t\t\t\t\t\t\t\t\t\t\t\t\t<p class=\"eael-team-text\">Es un fil\u00f3sofo, pensador, intelectual, escritor y profesor argentino. Es licenciado y doctor en filosof\u00eda por la Universidad Nacional de C\u00f3rdoba. Ha conducido programas de televisi\u00f3n sobre historia y filosof\u00eda, es miembro del comit\u00e9 de direcci\u00f3n de la revista Pensamiento de los Confines y colaborador del diario P\u00e1gina\/12.\n<\/p>\n\t\t\t\t\t\t\t<\/div>\n\t\t<\/div>\n\t<\/div>\n\t\t\t<\/div>\n\t\t\t\t<\/div>\n\t\t\t\t\t<\/div>\n\t\t<\/div>\n\t\t\t\t<div class=\"elementor-column elementor-col-33 elementor-inner-column elementor-element elementor-element-70bb89e\" data-id=\"70bb89e\" data-element_type=\"column\">\n\t\t\t<div class=\"elementor-widget-wrap elementor-element-populated\">\n\t\t\t\t\t\t<div class=\"elementor-element elementor-element-73ee65f2 eael-team-align-left jurados elementor-widget elementor-widget-eael-team-member\" data-id=\"73ee65f2\" data-element_type=\"widget\" data-widget_type=\"eael-team-member.default\">\n\t\t\t\t<div class=\"elementor-widget-container\">\n\t\t\t\n\n\t<div id=\"eael-team-member-73ee65f2\" class=\"eael-team-item eael-team-members-centered \">\n\t\t<div class=\"eael-team-item-inner\">\n\t\t\t<div class=\"eael-team-image\">\n\t\t\t\t<figure>\n\t\t\t\t\t<img decoding=\"async\" src=\"https:\/\/cinemigrante.org\/ediciones-anteriores\/wp-content\/uploads\/2022\/04\/chillier.jpg\" alt=\"\">\n\t\t\t\t<\/figure>\n\t\t\t\t\n\t\t\t\t\n\t\t\t<\/div>\n\n\t\t\t<div class=\"eael-team-content\">\n\t\t\t\t<h2 class=\"eael-team-member-name\">Gast\u00f3n Chillier <\/h2>\n\t\t\t\t<h3 class=\"eael-team-member-position\">JURADO <\/h3>\n\n\t\t\t\t\t\t\t\t\t\t\t\t\t\t<p class=\"eael-team-text\">Es director ejecutivo del Centro de Estudios Legales y Sociales (CELS), una organizaci\u00f3n de derechos humanos de 38 a\u00f1os de antig\u00fcedad en la Argentina, que se fund\u00f3 durante la \u00faltima dictadura militar. \n<\/p>\n\t\t\t\t\t\t\t<\/div>\n\t\t<\/div>\n\t<\/div>\n\t\t\t<\/div>\n\t\t\t\t<\/div>\n\t\t\t\t\t<\/div>\n\t\t<\/div>\n\t\t\t\t\t<\/div>\n\t\t<\/section>\n\t\t\t\t\t<\/div>\n\t\t<\/div>\n\t\t\t\t\t<\/div>\n\t\t<\/section>\n\t\t\t\t<\/div>\n\t\t","protected":false},"excerpt":{"rendered":"<p>Jurados Mariana Arruti JURADO Es una antrop\u00f3loga y cineasta argentina. Es realizadora de varios documentales en los que se ve trazada una constante b\u00fasqueda por la identidad individual, as\u00ed c\u00f3mo &hellip; <\/p>\n<p class=\"link-more\"><a href=\"https:\/\/cinemigrante.org\/ediciones-anteriores\/1-edicion\/jurados\" class=\"more-link\">Continue reading<span class=\"screen-reader-text\"> \u00abJurados\u00bb<\/span><\/a><\/p>\n","protected":false},"author":9,"featured_media":0,"parent":15916,"menu_order":0,"comment_status":"closed","ping_status":"closed","template":"elementor_header_footer","meta":{"_acf_changed":false,"footnotes":""},"class_list":["post-16911","page","type-page","status-publish","hentry"],"acf":[],"_links":{"self":[{"href":"https:\/\/cinemigrante.org\/ediciones-anteriores\/wp-json\/wp\/v2\/pages\/16911"}],"collection":[{"href":"https:\/\/cinemigrante.org\/ediciones-anteriores\/wp-json\/wp\/v2\/pages"}],"about":[{"href":"https:\/\/cinemigrante.org\/ediciones-anteriores\/wp-json\/wp\/v2\/types\/page"}],"author":[{"embeddable":true,"href":"https:\/\/cinemigrante.org\/ediciones-anteriores\/wp-json\/wp\/v2\/users\/9"}],"replies":[{"embeddable":true,"href":"https:\/\/cinemigrante.org\/ediciones-anteriores\/wp-json\/wp\/v2\/comments?post=16911"}],"version-history":[{"count":4,"href":"https:\/\/cinemigrante.org\/ediciones-anteriores\/wp-json\/wp\/v2\/pages\/16911\/revisions"}],"predecessor-version":[{"id":16916,"href":"https:\/\/cinemigrante.org\/ediciones-anteriores\/wp-json\/wp\/v2\/pages\/16911\/revisions\/16916"}],"up":[{"embeddable":true,"href":"https:\/\/cinemigrante.org\/ediciones-anteriores\/wp-json\/wp\/v2\/pages\/15916"}],"wp:attachment":[{"href":"https:\/\/cinemigrante.org\/ediciones-anteriores\/wp-json\/wp\/v2\/media?parent=16911"}],"curies":[{"name":"wp","href":"https:\/\/api.w.org\/{rel}","templated":true}]}}

<div data-elementor-type="wp-page" data-elementor-id="16911" class="elementor elementor-16911">
						<section class="elementor-section elementor-top-section elementor-element elementor-element-d64373b elementor-section-boxed elementor-section-height-default elementor-section-height-default" data-id="d64373b" data-element_type="section" data-settings="{&quot;background_background&quot;:&quot;classic&quot;}">
							<div class="elementor-background-overlay"></div>
							<div class="elementor-container elementor-column-gap-default">
					<div class="elementor-column elementor-col-100 elementor-top-column elementor-element elementor-element-6800cddb" data-id="6800cddb" data-element_type="column" data-settings="{&quot;background_background&quot;:&quot;classic&quot;}">
			<div class="elementor-widget-wrap elementor-element-populated">
						<div class="elementor-element elementor-element-2a623b42 elementor-widget elementor-widget-heading" data-id="2a623b42" data-element_type="widget" data-widget_type="heading.default">
				<div class="elementor-widget-container">
			<style>/*! elementor - v3.23.0 - 15-07-2024 */
.elementor-heading-title{padding:0;margin:0;line-height:1}.elementor-widget-heading .elementor-heading-title[class*=elementor-size-]>a{color:inherit;font-size:inherit;line-height:inherit}.elementor-widget-heading .elementor-heading-title.elementor-size-small{font-size:15px}.elementor-widget-heading .elementor-heading-title.elementor-size-medium{font-size:19px}.elementor-widget-heading .elementor-heading-title.elementor-size-large{font-size:29px}.elementor-widget-heading .elementor-heading-title.elementor-size-xl{font-size:39px}.elementor-widget-heading .elementor-heading-title.elementor-size-xxl{font-size:59px}</style><h2 class="elementor-heading-title elementor-size-default">Jurados</h2>		</div>
				</div>
				<section class="elementor-section elementor-inner-section elementor-element elementor-element-f056724 elementor-section-boxed elementor-section-height-default elementor-section-height-default" data-id="f056724" data-element_type="section">
						<div class="elementor-container elementor-column-gap-default">
					<div class="elementor-column elementor-col-33 elementor-inner-column elementor-element elementor-element-747fab9" data-id="747fab9" data-element_type="column">
			<div class="elementor-widget-wrap elementor-element-populated">
						<div class="elementor-element elementor-element-11747f04 eael-team-align-left jurados elementor-widget elementor-widget-eael-team-member" data-id="11747f04" data-element_type="widget" data-widget_type="eael-team-member.default">
				<div class="elementor-widget-container">
			

	<div id="eael-team-member-11747f04" class="eael-team-item eael-team-members-centered ">
		<div class="eael-team-item-inner">
			<div class="eael-team-image">
				<figure>
					<img decoding="async" src="https://cinemigrante.org/ediciones-anteriores/wp-content/uploads/2022/04/arruti.jpg" alt="">
				</figure>
				
				
			</div>

			<div class="eael-team-content">
				<h2 class="eael-team-member-name">Mariana Arruti</h2>
				<h3 class="eael-team-member-position">JURADO </h3>

														<p class="eael-team-text">Es una antropóloga y cineasta argentina. Es realizadora de varios documentales en los que se ve trazada una constante búsqueda por la identidad individual, así cómo el de una memoria colectiva de Argentina y América Latina. Su película Trelew, la fuga que fue masacre ganó el Premio Cóndor de Plata al Mejor Guión de película documental. También fue galardonada como mejor dirección de documental en el Festival de Cine de las Tres Fronteras como Mejor Dirección en documental.
</p>
							</div>
		</div>
	</div>
			</div>
				</div>
					</div>
		</div>
				<div class="elementor-column elementor-col-33 elementor-inner-column elementor-element elementor-element-874bd74" data-id="874bd74" data-element_type="column">
			<div class="elementor-widget-wrap elementor-element-populated">
						<div class="elementor-element elementor-element-1eec713a eael-team-align-left jurados elementor-widget elementor-widget-eael-team-member" data-id="1eec713a" data-element_type="widget" data-widget_type="eael-team-member.default">
				<div class="elementor-widget-container">
			

	<div id="eael-team-member-1eec713a" class="eael-team-item eael-team-members-centered ">
		<div class="eael-team-item-inner">
			<div class="eael-team-image">
				<figure>
					<img decoding="async" src="https://cinemigrante.org/ediciones-anteriores/wp-content/uploads/2022/04/foster.jpg" alt="">
				</figure>
				
				
			</div>

			<div class="eael-team-content">
				<h2 class="eael-team-member-name">Ricardo Forster</h2>
				<h3 class="eael-team-member-position">JURADO </h3>

														<p class="eael-team-text">Es un filósofo, pensador, intelectual, escritor y profesor argentino. Es licenciado y doctor en filosofía por la Universidad Nacional de Córdoba. Ha conducido programas de televisión sobre historia y filosofía, es miembro del comité de dirección de la revista Pensamiento de los Confines y colaborador del diario Página/12.
</p>
							</div>
		</div>
	</div>
			</div>
				</div>
					</div>
		</div>
				<div class="elementor-column elementor-col-33 elementor-inner-column elementor-element elementor-element-70bb89e" data-id="70bb89e" data-element_type="column">
			<div class="elementor-widget-wrap elementor-element-populated">
						<div class="elementor-element elementor-element-73ee65f2 eael-team-align-left jurados elementor-widget elementor-widget-eael-team-member" data-id="73ee65f2" data-element_type="widget" data-widget_type="eael-team-member.default">
				<div class="elementor-widget-container">
			

	<div id="eael-team-member-73ee65f2" class="eael-team-item eael-team-members-centered ">
		<div class="eael-team-item-inner">
			<div class="eael-team-image">
				<figure>
					<img decoding="async" src="https://cinemigrante.org/ediciones-anteriores/wp-content/uploads/2022/04/chillier.jpg" alt="">
				</figure>
				
				
			</div>

			<div class="eael-team-content">
				<h2 class="eael-team-member-name">Gastón Chillier </h2>
				<h3 class="eael-team-member-position">JURADO </h3>

														<p class="eael-team-text">Es director ejecutivo del Centro de Estudios Legales y Sociales (CELS), una organización de derechos humanos de 38 años de antigüedad en la Argentina, que se fundó durante la última dictadura militar. 
</p>
							</div>
		</div>
	</div>
			</div>
				</div>
					</div>
		</div>
					</div>
		</section>
					</div>
		</div>
					</div>
		</section>
				</div>

<p>Jurados Mariana Arruti JURADO Es una antropóloga y cineasta argentina. Es realizadora de varios documentales en los que se ve trazada una constante búsqueda por la identidad individual, así cómo &hellip; </p>
<p class="link-more"><a href="https://cinemigrante.org/ediciones-anteriores/1-edicion/jurados" class="more-link">Continue reading<span class="screen-reader-text"> «Jurados»</span></a></p>
