






{"id":15311,"date":"2022-02-19T14:57:43","date_gmt":"2022-02-19T17:57:43","guid":{"rendered":"https:\/\/cinemigrante.com\/ediciones-anteriores\/?page_id=15311"},"modified":"2022-02-19T18:49:49","modified_gmt":"2022-02-19T21:49:49","slug":"invitades","status":"publish","type":"page","link":"https:\/\/cinemigrante.org\/ediciones-anteriores\/6-edicion\/invitades","title":{"rendered":"Invitades"},"content":{"rendered":"\t\t<div data-elementor-type=\"wp-page\" data-elementor-id=\"15311\" class=\"elementor elementor-15311\">\n\t\t\t\t\t\t<section class=\"elementor-section elementor-top-section elementor-element elementor-element-649c9920 elementor-section-boxed elementor-section-height-default elementor-section-height-default\" data-id=\"649c9920\" data-element_type=\"section\" data-settings=\"{&quot;background_background&quot;:&quot;classic&quot;}\">\n\t\t\t\t\t\t\t<div class=\"elementor-background-overlay\"><\/div>\n\t\t\t\t\t\t\t<div class=\"elementor-container elementor-column-gap-default\">\n\t\t\t\t\t<div class=\"elementor-column elementor-col-100 elementor-top-column elementor-element elementor-element-177ddfb2\" data-id=\"177ddfb2\" data-element_type=\"column\" data-settings=\"{&quot;background_background&quot;:&quot;classic&quot;}\">\n\t\t\t<div class=\"elementor-widget-wrap elementor-element-populated\">\n\t\t\t\t\t\t<div class=\"elementor-element elementor-element-31ab53c0 elementor-widget elementor-widget-heading\" data-id=\"31ab53c0\" data-element_type=\"widget\" data-widget_type=\"heading.default\">\n\t\t\t\t<div class=\"elementor-widget-container\">\n\t\t\t<style>\/*! elementor - v3.23.0 - 15-07-2024 *\/\n.elementor-heading-title{padding:0;margin:0;line-height:1}.elementor-widget-heading .elementor-heading-title[class*=elementor-size-]>a{color:inherit;font-size:inherit;line-height:inherit}.elementor-widget-heading .elementor-heading-title.elementor-size-small{font-size:15px}.elementor-widget-heading .elementor-heading-title.elementor-size-medium{font-size:19px}.elementor-widget-heading .elementor-heading-title.elementor-size-large{font-size:29px}.elementor-widget-heading .elementor-heading-title.elementor-size-xl{font-size:39px}.elementor-widget-heading .elementor-heading-title.elementor-size-xxl{font-size:59px}<\/style><h2 class=\"elementor-heading-title elementor-size-default\">Invitades internacionales<\/h2>\t\t<\/div>\n\t\t\t\t<\/div>\n\t\t\t\t<div class=\"elementor-element elementor-element-fb8f4d2 eael-team-align-left historico-honor  elementor-widget elementor-widget-eael-team-member\" data-id=\"fb8f4d2\" data-element_type=\"widget\" data-widget_type=\"eael-team-member.default\">\n\t\t\t\t<div class=\"elementor-widget-container\">\n\t\t\t\n\n\t<div id=\"eael-team-member-fb8f4d2\" class=\"eael-team-item eael-team-members-simple \">\n\t\t<div class=\"eael-team-item-inner\">\n\t\t\t<div class=\"eael-team-image\">\n\t\t\t\t<figure>\n\t\t\t\t\t<img decoding=\"async\" src=\"https:\/\/cinemigrante.org\/ediciones-anteriores\/wp-content\/uploads\/2022\/02\/judith-butler.jpg\" alt=\"\">\n\t\t\t\t<\/figure>\n\t\t\t\t\n\t\t\t\t\n\t\t\t<\/div>\n\n\t\t\t<div class=\"eael-team-content\">\n\t\t\t\t<h2 class=\"eael-team-member-name\">JUDITH BUTLER<\/h2>\n\t\t\t\t<h3 class=\"eael-team-member-position\"> <\/h3>\n\n\t\t\t\t\t\t\t\t\t\t\t\t\t\t<p class=\"eael-team-text\">Judith Butler es una pensadora y fil\u00f3sofa postestructuralista actualmente a cargo de la c\u00e1tedra Maxine Elliot de Ret\u00f3rica, Literatura comparada y Estudios de la mujer, en la Universidad de California, Berkeley. A lo largo de su trayectoria ha realizado aportes fundamentales al movimiento feminista, la Teor\u00eda Queer, la filosof\u00eda pol\u00edtica y la \u00e9tica.\n\nEs autora de uno de los libros m\u00e1s influyentes del pensamiento contempor\u00e1neo, El g\u00e9nero en disputa. Feminismo y la subversi\u00f3n de la identidad, donde ya desde los a\u00f1os noventa cuestiona la idea del sexo como algo natural frente al car\u00e1cter socialmente construido del g\u00e9nero. Desde sus producciones te\u00f3ricas tales como Cuerpos que importan, Deshacer el g\u00e9nero, Vidas precarias y Lenguaje poder e identidad, entre otras, ha planteado debates fundamentales en torno al cuerpo, las pol\u00edticas de la identidad, la subjetividad, la performatividad del g\u00e9nero, el lenguaje, la violencia. Estos trabajo filos\u00f3ficos han contribuido a construir las bases de lo que hoy se conoce como Teor\u00eda Queer y han determinado indudablemente los modos de hacer pol\u00edtica en los movimientos sociosexuales y feministas.<\/p>\n\t\t\t\t\t\t\t<\/div>\n\t\t<\/div>\n\t<\/div>\n\t\t\t<\/div>\n\t\t\t\t<\/div>\n\t\t\t\t<div class=\"elementor-element elementor-element-34c0a9be eael-team-align-left historico-honor  elementor-widget elementor-widget-eael-team-member\" data-id=\"34c0a9be\" data-element_type=\"widget\" data-widget_type=\"eael-team-member.default\">\n\t\t\t\t<div class=\"elementor-widget-container\">\n\t\t\t\n\n\t<div id=\"eael-team-member-34c0a9be\" class=\"eael-team-item eael-team-members-simple \">\n\t\t<div class=\"eael-team-item-inner\">\n\t\t\t<div class=\"eael-team-image\">\n\t\t\t\t<figure>\n\t\t\t\t\t<img decoding=\"async\" src=\"https:\/\/cinemigrante.org\/ediciones-anteriores\/wp-content\/uploads\/2022\/02\/francoise-verges.jpg\" alt=\"\">\n\t\t\t\t<\/figure>\n\t\t\t\t\n\t\t\t\t\n\t\t\t<\/div>\n\n\t\t\t<div class=\"eael-team-content\">\n\t\t\t\t<h2 class=\"eael-team-member-name\">FRAN\u00c7OISE VERG\u00c8S<\/h2>\n\t\t\t\t<h3 class=\"eael-team-member-position\"> <\/h3>\n\n\t\t\t\t\t\t\t\t\t\t\t\t\t\t<p class=\"eael-team-text\">Fran\u00e7oise Verg\u00e8s, actualmente es Profesora Consultora en el Centro de Estudios Culturales, del Goldsmiths College, Universidad de Londres y presidenta del Comit\u00e9 para la Memoria y la Historia de la Esclavitud en Francia. Ha escrito sobre pr\u00e1cticas vernaculares de la memoria sober la esclavitud y la econom\u00eda de la depredaci\u00f3n, las ambig\u00fcedades del abolicionismo franc\u00e9s, el colonialismo franc\u00e9s republicano, psiquiatr\u00eda colonial y post-colonial en el imperio colonial franc\u00e9s, Frantz Fanon, Aim\u00e9 C\u00e9saire, poscolonialidad francesa, museograf\u00eda poscolonial, las rutas de la migraci\u00f3n y procesos de criollismo en el mundo del oc\u00e9ano \u00cdndico.\n\nHa trabajado con los cineastas y artistas Isaac Julien, Yinka Shonibare, Arnaud Ngatcha. Fue consejera de proyecto para la Documenta 11 en 2002 y contribuy\u00f3 a la Trienal de Par\u00eds de 2012. Sus m\u00e1s recientes publicaciones son \u201cVidas que importan\u201d (Lives that Matter) en el cat\u00e1logo de la Trienal de Par\u00eds 2012, \u201cProximidad Intensa\u201d(Intense Proximity) de Okwui Enwezor y \u201cEl Hombre predador\u201d (L\u2019Homme pr\u00e9dateur). Par\u00eds, 2011. Que nos ense\u00f1a sobre la esclavitud en nuestro tiempo.<\/p>\n\t\t\t\t\t\t\t<\/div>\n\t\t<\/div>\n\t<\/div>\n\t\t\t<\/div>\n\t\t\t\t<\/div>\n\t\t\t\t<div class=\"elementor-element elementor-element-7f21d1ef eael-team-align-left historico-honor  elementor-widget elementor-widget-eael-team-member\" data-id=\"7f21d1ef\" data-element_type=\"widget\" data-widget_type=\"eael-team-member.default\">\n\t\t\t\t<div class=\"elementor-widget-container\">\n\t\t\t\n\n\t<div id=\"eael-team-member-7f21d1ef\" class=\"eael-team-item eael-team-members-simple \">\n\t\t<div class=\"eael-team-item-inner\">\n\t\t\t<div class=\"eael-team-image\">\n\t\t\t\t<figure>\n\t\t\t\t\t<img decoding=\"async\" src=\"https:\/\/cinemigrante.org\/ediciones-anteriores\/wp-content\/uploads\/2022\/02\/trinh-t-minh-ha.jpg\" alt=\"\">\n\t\t\t\t<\/figure>\n\t\t\t\t\n\t\t\t\t\n\t\t\t<\/div>\n\n\t\t\t<div class=\"eael-team-content\">\n\t\t\t\t<h2 class=\"eael-team-member-name\">TRINH T. MINH-HA<\/h2>\n\t\t\t\t<h3 class=\"eael-team-member-position\"> <\/h3>\n\n\t\t\t\t\t\t\t\t\t\t\t\t\t\t<p class=\"eael-team-text\">Nacida en Vietnam, Trinh T. Minh-ha es directora de cine, escritora y compositora de m\u00fasica. Su trabajo incluye seis largometrajes y un mediometraje, entre los largos se destacan Night Passage, 2004; The Fourth Dimension, 2001 y A Tale of Love, 1996, que han recibidos premios en varios festivales de cine y han sido honrados en numerosas retrospectivas de todo el mundo. La obra de Trinh T. Minh-ha consta adem\u00e1s de instalaciones multimediales incluyendo Old Land New Waters, 2007-2008, (Museo de la Prefectura de Okinawa, Jap\u00f3n 2007-2008; tercera Triennale de Guangzhou, China 2008) L\u2019Autre marche (Mus\u00e9e du Quai Branly, Francia 2006-2009), The Desert is Watching (Kyoto Bienal, Jap\u00f3n 2003) y Nothing But Ways (1999). Escribe doce libros entre los cuales, D-Passage. The Digital Way (2013), Elsewhere Within Here (2011); The Digital Film Event (2005), Cinema Interval (1999) y, en colaboraci\u00f3n con Jean-Paul Bourdier, Habiter un monde (2006) y Drawn from African Dwellings (1996). Trinh T. Minh- ha es profesora de Ret\u00f3rica y de G\u00e9nero &amp; Estudios de la Mujeres en la Universidad de California, Berkeley.<\/p>\n\t\t\t\t\t\t\t<\/div>\n\t\t<\/div>\n\t<\/div>\n\t\t\t<\/div>\n\t\t\t\t<\/div>\n\t\t\t\t<div class=\"elementor-element elementor-element-439647ea eael-team-align-left historico-honor  elementor-widget elementor-widget-eael-team-member\" data-id=\"439647ea\" data-element_type=\"widget\" data-widget_type=\"eael-team-member.default\">\n\t\t\t\t<div class=\"elementor-widget-container\">\n\t\t\t\n\n\t<div id=\"eael-team-member-439647ea\" class=\"eael-team-item eael-team-members-simple \">\n\t\t<div class=\"eael-team-item-inner\">\n\t\t\t<div class=\"eael-team-image\">\n\t\t\t\t<figure>\n\t\t\t\t\t<img decoding=\"async\" src=\"https:\/\/cinemigrante.org\/ediciones-anteriores\/wp-content\/uploads\/2022\/02\/goran-hugo-olsson.jpg\" alt=\"\">\n\t\t\t\t<\/figure>\n\t\t\t\t\n\t\t\t\t\n\t\t\t<\/div>\n\n\t\t\t<div class=\"eael-team-content\">\n\t\t\t\t<h2 class=\"eael-team-member-name\">G\u00d6RAN HUGO OLSSON<\/h2>\n\t\t\t\t<h3 class=\"eael-team-member-position\"> <\/h3>\n\n\t\t\t\t\t\t\t\t\t\t\t\t\t\t<p class=\"eael-team-text\">Nacido en 1965 en Lund, Suecia, G\u00f6ran Hugo Olsson estudi\u00f3 en la Real Academia de Bellas Artes de Estocolmo y es uno de los principales realizadores de Suecia a nivel internacional. Director de cine documental, director de fotograf\u00eda y fabricante de su propia innovaci\u00f3n -la A-Cam, una c\u00e1mara de pel\u00edcula Super-16, fue adem\u00e1s editor y co-fundador del programa de televisi\u00f3n documental corto \u201cIkon\u201d (SVT). Su anterior pel\u00edcula, \u201cThe Power Mixtape\u201d (2011), se convirti\u00f3 en un gran \u00e9xito en festivales, teatros y fue emitida en la televisi\u00f3n de todo el mundo. Otras de sus pel\u00edculas destacadas son Concering Violence (2014) y Am I lack Enough for You (2009). Desde 1999 Olsson ha sido miembro del consejo editorial de la plataforma Ikon Sud\u00e1frica de cine documental en Sud\u00e1frica.<\/p>\n\t\t\t\t\t\t\t<\/div>\n\t\t<\/div>\n\t<\/div>\n\t\t\t<\/div>\n\t\t\t\t<\/div>\n\t\t\t\t<div class=\"elementor-element elementor-element-2bb31f6e eael-team-align-left historico-honor  elementor-widget elementor-widget-eael-team-member\" data-id=\"2bb31f6e\" data-element_type=\"widget\" data-widget_type=\"eael-team-member.default\">\n\t\t\t\t<div class=\"elementor-widget-container\">\n\t\t\t\n\n\t<div id=\"eael-team-member-2bb31f6e\" class=\"eael-team-item eael-team-members-simple \">\n\t\t<div class=\"eael-team-item-inner\">\n\t\t\t<div class=\"eael-team-image\">\n\t\t\t\t<figure>\n\t\t\t\t\t<img decoding=\"async\" src=\"https:\/\/cinemigrante.org\/ediciones-anteriores\/wp-content\/uploads\/2022\/02\/rita-segato.jpg\" alt=\"\">\n\t\t\t\t<\/figure>\n\t\t\t\t\n\t\t\t\t\n\t\t\t<\/div>\n\n\t\t\t<div class=\"eael-team-content\">\n\t\t\t\t<h2 class=\"eael-team-member-name\">RITA SEGATO<\/h2>\n\t\t\t\t<h3 class=\"eael-team-member-position\"> <\/h3>\n\n\t\t\t\t\t\t\t\t\t\t\t\t\t\t<p class=\"eael-team-text\">Rita Segato es antrop\u00f3loga, nacida en argentina, profesora del Departamento de Antropolog\u00eda de la Universidad de Brasilia y en los posgrados interdisciplinares de Bio\u00e9tica y de Derechos Humanos. Coordina el Grupo de Investigaci\u00f3n sobre Antropolog\u00eda y Derechos Humanos. Fue co-autora de la primera propuesta de acciones afirmativas para la inclusi\u00f3n obligatoria de estudiantes negros e ind\u00edgenas en la Educaci\u00f3n Superior Brasilera; acompa\u00f1\u00f3 a la Fundaci\u00f3n Nacional del Indio de Brasil en acciones de g\u00e9nero para las demandas de las mujeres ind\u00edgenas; colabor\u00f3 con organizaciones de M\u00e9xico y El Salvador en la lucha contra el feminicidio. Ha publicado Las Estructuras Elementales de la Violencia. Ensayos sobre g\u00e9nero entre la antropolog\u00eda, el psicoan\u00e1lisis y los Derechos Humanos (2003); La Escritura en el cuerpo de las mujeres asesinadas en Ciudad Ju\u00e1rez. Territorio, Soberan\u00eda y M\u00e9xico (2006), La Naci\u00f3n y sus Otros (2007); Las nuevas formas de la guerra y el cuerpo de las mujeres (2014); La cr\u00edtica de la colonialidad en ocho ensayos (de pr\u00f3xima aparici\u00f3n), entre otros. Vive actualmente entre Brasilia y Tilcara.<\/p>\n\t\t\t\t\t\t\t<\/div>\n\t\t<\/div>\n\t<\/div>\n\t\t\t<\/div>\n\t\t\t\t<\/div>\n\t\t\t\t<div class=\"elementor-element elementor-element-4f35a83b eael-team-align-left historico-honor  elementor-widget elementor-widget-eael-team-member\" data-id=\"4f35a83b\" data-element_type=\"widget\" data-widget_type=\"eael-team-member.default\">\n\t\t\t\t<div class=\"elementor-widget-container\">\n\t\t\t\n\n\t<div id=\"eael-team-member-4f35a83b\" class=\"eael-team-item eael-team-members-simple \">\n\t\t<div class=\"eael-team-item-inner\">\n\t\t\t<div class=\"eael-team-image\">\n\t\t\t\t<figure>\n\t\t\t\t\t<img decoding=\"async\" src=\"https:\/\/cinemigrante.org\/ediciones-anteriores\/wp-content\/uploads\/2022\/02\/maria-ruido.jpg\" alt=\"\">\n\t\t\t\t<\/figure>\n\t\t\t\t\n\t\t\t\t\n\t\t\t<\/div>\n\n\t\t\t<div class=\"eael-team-content\">\n\t\t\t\t<h2 class=\"eael-team-member-name\">MAR\u00cdA RUIDO<\/h2>\n\t\t\t\t<h3 class=\"eael-team-member-position\"> <\/h3>\n\n\t\t\t\t\t\t\t\t\t\t\t\t\t\t<p class=\"eael-team-text\">Mar\u00eda Ruido es artista, documentalista y productora cultural, licenciada en Historia y Arte Contempor\u00e1neo por la Universidad de Santiago de Compostela y Doctora en Bellas Artes por la Universidad de Vigo. Con una mirada que integra perspectivas de los dos costados del mediterr\u00e1neo, Mar\u00eda Ruido reflexiona sobre la historia de Espa\u00f1a, y m\u00e1s recientemente trabaja en torno a las nuevas formas de los imaginarios decoloniales y a sus posibilidades emancipatorias. Actualmente est\u00e1 implicada en diversos estudios sobre las pol\u00edticas de la representaci\u00f3n y sus relaciones contextuales. En los \u00faltimos a\u00f1os, Mar\u00eda Ruido ha participado en diversas exposiciones colectivas y desde el 2012 ha dirigido 10 pel\u00edculas entre largos y cortos, siendo \u201cle r\u00eave est fini\/the dream is over\u201d su \u00faltimo largometraje.<\/p>\n\t\t\t\t\t\t\t<\/div>\n\t\t<\/div>\n\t<\/div>\n\t\t\t<\/div>\n\t\t\t\t<\/div>\n\t\t\t\t<div class=\"elementor-element elementor-element-47107d82 eael-team-align-left historico-honor  elementor-widget elementor-widget-eael-team-member\" data-id=\"47107d82\" data-element_type=\"widget\" data-widget_type=\"eael-team-member.default\">\n\t\t\t\t<div class=\"elementor-widget-container\">\n\t\t\t\n\n\t<div id=\"eael-team-member-47107d82\" class=\"eael-team-item eael-team-members-simple \">\n\t\t<div class=\"eael-team-item-inner\">\n\t\t\t<div class=\"eael-team-image\">\n\t\t\t\t<figure>\n\t\t\t\t\t<img decoding=\"async\" src=\"https:\/\/cinemigrante.org\/ediciones-anteriores\/wp-content\/uploads\/2022\/02\/sebastian-sepulveda.jpg\" alt=\"\">\n\t\t\t\t<\/figure>\n\t\t\t\t\n\t\t\t\t\n\t\t\t<\/div>\n\n\t\t\t<div class=\"eael-team-content\">\n\t\t\t\t<h2 class=\"eael-team-member-name\">SEBASTI\u00c1N SEP\u00daLVEDA<\/h2>\n\t\t\t\t<h3 class=\"eael-team-member-position\"> <\/h3>\n\n\t\t\t\t\t\t\t\t\t\t\t\t\t\t<p class=\"eael-team-text\">Tras vivir hasta los 18 a\u00f1os entre Europa y Sudam\u00e9rica por el exilio de su familia, Sebasti\u00e1n Sep\u00falveda regres\u00f3 a Chile en 1990 y comenz\u00f3 a estudiar Historia. A fines de esa d\u00e9cada ya hab\u00eda filmado sus primeros cortometrajes, y realiz\u00f3 estudios en dos de las m\u00e1s prestigiosas escuelas audiovisuales del mundo: montaje en San Antonio de los Ba\u00f1os y gui\u00f3n en La F\u00e9mis de Par\u00eds. Posteriormente ha trabajado como montajista en distintos largometrajes. Actualmente se desempe\u00f1a en Santiago de Chile como Director de Contenidos de la empresa Fabula Producciones.\n\nNacido en Concepci\u00f3n (Chile), Sebasti\u00e1n Sep\u00falveda es director, montajista, guionista y productor. Las ni\u00f1as Quispe, su primer largometraje de ficci\u00f3n, pel\u00edcula que recibi\u00f3 varios premios en el Festival Filmar en Am\u00e9rica Latina de Ginebra y Cinelatino de Toulouse, entre otros. Tambi\u00e9n es co-guionista de \u201cJoven y Alocada\u201d y montajista de \u201cEl a\u00f1o del tigre\u201d y \u201cUlises, entre muchas otras.\n\n <\/p>\n\t\t\t\t\t\t\t<\/div>\n\t\t<\/div>\n\t<\/div>\n\t\t\t<\/div>\n\t\t\t\t<\/div>\n\t\t\t\t<div class=\"elementor-element elementor-element-a368f9a eael-team-align-left historico-honor  elementor-widget elementor-widget-eael-team-member\" data-id=\"a368f9a\" data-element_type=\"widget\" data-widget_type=\"eael-team-member.default\">\n\t\t\t\t<div class=\"elementor-widget-container\">\n\t\t\t\n\n\t<div id=\"eael-team-member-a368f9a\" class=\"eael-team-item eael-team-members-simple \">\n\t\t<div class=\"eael-team-item-inner\">\n\t\t\t<div class=\"eael-team-image\">\n\t\t\t\t<figure>\n\t\t\t\t\t<img decoding=\"async\" src=\"https:\/\/cinemigrante.org\/ediciones-anteriores\/wp-content\/uploads\/2022\/02\/le-peuple-qui-manque.jpg\" alt=\"\">\n\t\t\t\t<\/figure>\n\t\t\t\t\n\t\t\t\t\n\t\t\t<\/div>\n\n\t\t\t<div class=\"eael-team-content\">\n\t\t\t\t<h2 class=\"eael-team-member-name\">LE PEUPLE QUI MANQUE<\/h2>\n\t\t\t\t<h3 class=\"eael-team-member-position\"> <\/h3>\n\n\t\t\t\t\t\t\t\t\t\t\t\t\t\t<p class=\"eael-team-text\">Plataforma curatorial de denodada trayectoria internacional fundada por Kantuta Quiros y Aliocha Imhoff, cr\u00edticos y curadores, sus acciones curatoriales trabajan, en la intersecci\u00f3n del arte contempor\u00e1neo y la investigaci\u00f3n. Constituido hoy como uno de los colectivos con mayor desarrollo conceptual en torno a la movilidad humana, sus intervenciones perform\u00e1ticas y sus exposiciones han sido desarrolladas en lugares como el Centro Pompidou, el Palacio de Tokio, el museo du quai Branly, la Fundaci\u00f3n Gulbenkian, el Museo de la Historia de la Inmigraci\u00f3n de Paris, el Museo de Arte Moderno de Toulouse, la Rebuild Fundaci\u00f3n en Chicago, la Escuela de Altos Estudios de Arte de G\u00e9nova, el Museo de la Memoria de Bogot\u00e1 entre otros.<\/p>\n\t\t\t\t\t\t\t<\/div>\n\t\t<\/div>\n\t<\/div>\n\t\t\t<\/div>\n\t\t\t\t<\/div>\n\t\t\t\t<div class=\"elementor-element elementor-element-75d9c1b0 eael-team-align-left historico-honor  elementor-widget elementor-widget-eael-team-member\" data-id=\"75d9c1b0\" data-element_type=\"widget\" data-widget_type=\"eael-team-member.default\">\n\t\t\t\t<div class=\"elementor-widget-container\">\n\t\t\t\n\n\t<div id=\"eael-team-member-75d9c1b0\" class=\"eael-team-item eael-team-members-simple \">\n\t\t<div class=\"eael-team-item-inner\">\n\t\t\t<div class=\"eael-team-image\">\n\t\t\t\t<figure>\n\t\t\t\t\t<img decoding=\"async\" src=\"https:\/\/cinemigrante.org\/ediciones-anteriores\/wp-content\/uploads\/2022\/02\/pedro-zurita.jpg\" alt=\"\">\n\t\t\t\t<\/figure>\n\t\t\t\t\n\t\t\t\t\n\t\t\t<\/div>\n\n\t\t\t<div class=\"eael-team-content\">\n\t\t\t\t<h2 class=\"eael-team-member-name\">PEDRO ZURITA<\/h2>\n\t\t\t\t<h3 class=\"eael-team-member-position\"> <\/h3>\n\n\t\t\t\t\t\t\t\t\t\t\t\t\t\t<p class=\"eael-team-text\">Cineasta de vocaci\u00f3n y oficio ha trabajado en todas las labores del quehacer cinematogr\u00e1fico. Ha sido productor, director, escen\u00f3grafo, profesor de cine y actor. En 1989 fund\u00f3 en la ciudad de Nueva York y desde entonces dirige Videoteca del Sur, espacio \u00fanico que permite dar a conocer y promover el cine latinoamericano en los Estados Unidos. En el 2001 crea una sede de Videoteca del Sur en la ciudad de la Habana, y en el 2004 una en la ciudad de Camag\u00fcey, Cuba. En 2004 abre un nuevo espacio en San Jos\u00e9, Costa Rica; y en 2006 en la ciudad de Granada, Nicaragua. Entre 1985-1986 produce y dirige los documentales \u201cIsabel Allende\u201d y \u201cNeruda: residencia entre los hombres\u201d, ambas sobre y con la destacada escritora. Del 2000-2002 dirige la Muestra de Cine Latinoamericano de Nicaragua. Del 2001 al 2003 fue Director y Programador del Havana Film Festival de New York. Ha sido profesor de la EICTV, Escuela de Cine de San Antonio de Los Ba\u00f1os, Cuba, y representante de la misma en los EE.UU. Su libro C\u00f3mo distribuir su filme y no morir en el intento ha sido editado en espa\u00f1ol e italiano. Actualmente escribe una nueva y ampliada versi\u00f3n de esta obra y tambi\u00e9n un manual sobre producci\u00f3n de cine y v\u00eddeo de bajo costo.<\/p>\n\t\t\t\t\t\t\t<\/div>\n\t\t<\/div>\n\t<\/div>\n\t\t\t<\/div>\n\t\t\t\t<\/div>\n\t\t\t\t\t<\/div>\n\t\t<\/div>\n\t\t\t\t\t<\/div>\n\t\t<\/section>\n\t\t\t\t<\/div>\n\t\t","protected":false},"excerpt":{"rendered":"<p>Invitades internacionales JUDITH BUTLER Judith Butler es una pensadora y fil\u00f3sofa postestructuralista actualmente a cargo de la c\u00e1tedra Maxine Elliot de Ret\u00f3rica, Literatura comparada y Estudios de la mujer, en &hellip; <\/p>\n<p class=\"link-more\"><a href=\"https:\/\/cinemigrante.org\/ediciones-anteriores\/6-edicion\/invitades\" class=\"more-link\">Continue reading<span class=\"screen-reader-text\"> \u00abInvitades\u00bb<\/span><\/a><\/p>\n","protected":false},"author":9,"featured_media":0,"parent":15306,"menu_order":0,"comment_status":"closed","ping_status":"closed","template":"elementor_header_footer","meta":{"_acf_changed":false,"footnotes":""},"class_list":["post-15311","page","type-page","status-publish","hentry"],"acf":[],"_links":{"self":[{"href":"https:\/\/cinemigrante.org\/ediciones-anteriores\/wp-json\/wp\/v2\/pages\/15311"}],"collection":[{"href":"https:\/\/cinemigrante.org\/ediciones-anteriores\/wp-json\/wp\/v2\/pages"}],"about":[{"href":"https:\/\/cinemigrante.org\/ediciones-anteriores\/wp-json\/wp\/v2\/types\/page"}],"author":[{"embeddable":true,"href":"https:\/\/cinemigrante.org\/ediciones-anteriores\/wp-json\/wp\/v2\/users\/9"}],"replies":[{"embeddable":true,"href":"https:\/\/cinemigrante.org\/ediciones-anteriores\/wp-json\/wp\/v2\/comments?post=15311"}],"version-history":[{"count":3,"href":"https:\/\/cinemigrante.org\/ediciones-anteriores\/wp-json\/wp\/v2\/pages\/15311\/revisions"}],"predecessor-version":[{"id":15357,"href":"https:\/\/cinemigrante.org\/ediciones-anteriores\/wp-json\/wp\/v2\/pages\/15311\/revisions\/15357"}],"up":[{"embeddable":true,"href":"https:\/\/cinemigrante.org\/ediciones-anteriores\/wp-json\/wp\/v2\/pages\/15306"}],"wp:attachment":[{"href":"https:\/\/cinemigrante.org\/ediciones-anteriores\/wp-json\/wp\/v2\/media?parent=15311"}],"curies":[{"name":"wp","href":"https:\/\/api.w.org\/{rel}","templated":true}]}}