






{"id":15159,"date":"2022-02-19T10:09:46","date_gmt":"2022-02-19T13:09:46","guid":{"rendered":"https:\/\/cinemigrante.com\/ediciones-anteriores\/?page_id=15159"},"modified":"2022-02-19T10:16:00","modified_gmt":"2022-02-19T13:16:00","slug":"invitades","status":"publish","type":"page","link":"https:\/\/cinemigrante.org\/ediciones-anteriores\/7-edicion\/invitades","title":{"rendered":"Invitades"},"content":{"rendered":"\t\t<div data-elementor-type=\"wp-page\" data-elementor-id=\"15159\" class=\"elementor elementor-15159\">\n\t\t\t\t\t\t<section class=\"elementor-section elementor-top-section elementor-element elementor-element-649c9920 elementor-section-boxed elementor-section-height-default elementor-section-height-default\" data-id=\"649c9920\" data-element_type=\"section\" data-settings=\"{&quot;background_background&quot;:&quot;classic&quot;}\">\n\t\t\t\t\t\t\t<div class=\"elementor-background-overlay\"><\/div>\n\t\t\t\t\t\t\t<div class=\"elementor-container elementor-column-gap-default\">\n\t\t\t\t\t<div class=\"elementor-column elementor-col-100 elementor-top-column elementor-element elementor-element-177ddfb2\" data-id=\"177ddfb2\" data-element_type=\"column\" data-settings=\"{&quot;background_background&quot;:&quot;classic&quot;}\">\n\t\t\t<div class=\"elementor-widget-wrap elementor-element-populated\">\n\t\t\t\t\t\t<div class=\"elementor-element elementor-element-31ab53c0 elementor-widget elementor-widget-heading\" data-id=\"31ab53c0\" data-element_type=\"widget\" data-widget_type=\"heading.default\">\n\t\t\t\t<div class=\"elementor-widget-container\">\n\t\t\t<style>\/*! elementor - v3.23.0 - 15-07-2024 *\/\n.elementor-heading-title{padding:0;margin:0;line-height:1}.elementor-widget-heading .elementor-heading-title[class*=elementor-size-]>a{color:inherit;font-size:inherit;line-height:inherit}.elementor-widget-heading .elementor-heading-title.elementor-size-small{font-size:15px}.elementor-widget-heading .elementor-heading-title.elementor-size-medium{font-size:19px}.elementor-widget-heading .elementor-heading-title.elementor-size-large{font-size:29px}.elementor-widget-heading .elementor-heading-title.elementor-size-xl{font-size:39px}.elementor-widget-heading .elementor-heading-title.elementor-size-xxl{font-size:59px}<\/style><h2 class=\"elementor-heading-title elementor-size-default\">Invitades internacionales<\/h2>\t\t<\/div>\n\t\t\t\t<\/div>\n\t\t\t\t<div class=\"elementor-element elementor-element-fb8f4d2 eael-team-align-left historico-honor  elementor-widget elementor-widget-eael-team-member\" data-id=\"fb8f4d2\" data-element_type=\"widget\" data-widget_type=\"eael-team-member.default\">\n\t\t\t\t<div class=\"elementor-widget-container\">\n\t\t\t\n\n\t<div id=\"eael-team-member-fb8f4d2\" class=\"eael-team-item eael-team-members-simple \">\n\t\t<div class=\"eael-team-item-inner\">\n\t\t\t<div class=\"eael-team-image\">\n\t\t\t\t<figure>\n\t\t\t\t\t<img decoding=\"async\" src=\"https:\/\/cinemigrante.org\/ediciones-anteriores\/wp-content\/uploads\/2022\/02\/clarisse-hann.jpg\" alt=\"\">\n\t\t\t\t<\/figure>\n\t\t\t\t\n\t\t\t\t\n\t\t\t<\/div>\n\n\t\t\t<div class=\"eael-team-content\">\n\t\t\t\t<h2 class=\"eael-team-member-name\"> Clarisse Hahn<\/h2>\n\t\t\t\t<h3 class=\"eael-team-member-position\"> <\/h3>\n\n\t\t\t\t\t\t\t\t\t\t\t\t\t\t<p class=\"eael-team-text\">Clarisse Hahn naci\u00f3 en Paris en 1973. Graduada de historia del arte y diplomada de la escuela de Bellas Artes de Paris, se desempe\u00f1a como cineasta, fot\u00f3grafa y artista video. Sus investigaciones documentales se enfocan en las comunidades, los c\u00f3digos comportamentales y el papel social del cuerpo. Sus trabajos han sido expuestos en museos y galer\u00edas del mundo, y sus pel\u00edculas ganaron numerosos premios en festivales internacionales. En 2005 recibi\u00f3 el premio Gilles-Dusein para la totalidad de su trabajo. Como profesora de cine y de video, ha realizado conferencias en universidades, centros culturales e institutos, como entre otros La F\u00e9mis, La Sorbonne, la Universidad de Cambridge, y el Centro George Pompidou. Actualmente, es profesora de video en la Escuela Nacional Superior de Artes Decorativas de Paris.<\/p>\n\t\t\t\t\t\t\t<\/div>\n\t\t<\/div>\n\t<\/div>\n\t\t\t<\/div>\n\t\t\t\t<\/div>\n\t\t\t\t<div class=\"elementor-element elementor-element-34c0a9be eael-team-align-left historico-honor  elementor-widget elementor-widget-eael-team-member\" data-id=\"34c0a9be\" data-element_type=\"widget\" data-widget_type=\"eael-team-member.default\">\n\t\t\t\t<div class=\"elementor-widget-container\">\n\t\t\t\n\n\t<div id=\"eael-team-member-34c0a9be\" class=\"eael-team-item eael-team-members-simple \">\n\t\t<div class=\"eael-team-item-inner\">\n\t\t\t<div class=\"eael-team-image\">\n\t\t\t\t<figure>\n\t\t\t\t\t<img decoding=\"async\" src=\"https:\/\/cinemigrante.org\/ediciones-anteriores\/wp-content\/uploads\/2022\/02\/gianluca-massimo.jpg\" alt=\"\">\n\t\t\t\t<\/figure>\n\t\t\t\t\n\t\t\t\t\n\t\t\t<\/div>\n\n\t\t\t<div class=\"eael-team-content\">\n\t\t\t\t<h2 class=\"eael-team-member-name\">Gianluca y Massimiliano De Serio<\/h2>\n\t\t\t\t<h3 class=\"eael-team-member-position\"><\/h3>\n\n\t\t\t\t\t\t\t\t\t\t\t\t\t\t<p class=\"eael-team-text\">Gianluca y Massimiliano De Serio (1978, Torino) son hermanos gemelos, artistas y directores de cine. Trabajan juntos desde 1999 realizando video instalaciones, largometrajes de ficci\u00f3n y documental. Sus obras abordan principalmente temas ligados a la inmigraci\u00f3n, la memoria y la construcci\u00f3n de la identidad.\n\nLos De Serio han recibido numerosas distinciones incluyendo tres Nastri d\u2019Argento, el Premio Internacional a la mejor pel\u00edcula en Oberhausen y Edimburgo, la nominaci\u00f3n a dos David de Donatello y el premio de la Academia Europea.\n\nComo artistas de arte contempor\u00e1neo participaron de exhibiciones internacionales como MAXXI, Premio Italia de Arte Contempor\u00e1neo, Roma (2010); Manifesta7, Bienal europea de Arte Contempor\u00e1neo.\nInstituciones de arte en distintos lugares del mundo les han dedicado muestras retrospectivas. Entre otras, se distinguen el Museo del Cinema, Torino (2010); Arcipelago Film Festival, Roma (2009); Museo de Arte Moderno La Tertullia, Cali, Colombia (2008); Contemporary Art Center de Tel Aviv, Israel (2008); Vendome Film Festival, Francia (2007); Institut National d\u2019Histoire de l\u2019Art, Par\u00eds, Francia (2006).\nDesde 2012, los hermanos De Serio llevan adelante Il Piccolo Cinema, un cineclub y casa de \u201csocorro mutuo cinematografico\u201d. All\u00ed realizan peri\u00f3dicamente actividades pedag\u00f3gicas, de difusi\u00f3n y reflexi\u00f3n cinematogr\u00e1fica.<\/p>\n\t\t\t\t\t\t\t<\/div>\n\t\t<\/div>\n\t<\/div>\n\t\t\t<\/div>\n\t\t\t\t<\/div>\n\t\t\t\t<div class=\"elementor-element elementor-element-7f21d1ef eael-team-align-left historico-honor  elementor-widget elementor-widget-eael-team-member\" data-id=\"7f21d1ef\" data-element_type=\"widget\" data-widget_type=\"eael-team-member.default\">\n\t\t\t\t<div class=\"elementor-widget-container\">\n\t\t\t\n\n\t<div id=\"eael-team-member-7f21d1ef\" class=\"eael-team-item eael-team-members-simple \">\n\t\t<div class=\"eael-team-item-inner\">\n\t\t\t<div class=\"eael-team-image\">\n\t\t\t\t<figure>\n\t\t\t\t\t<img decoding=\"async\" src=\"https:\/\/cinemigrante.org\/ediciones-anteriores\/wp-content\/uploads\/2022\/02\/peter-schreiner.jpg\" alt=\"\">\n\t\t\t\t<\/figure>\n\t\t\t\t\n\t\t\t\t\n\t\t\t<\/div>\n\n\t\t\t<div class=\"eael-team-content\">\n\t\t\t\t<h2 class=\"eael-team-member-name\">Peter Schreiner<\/h2>\n\t\t\t\t<h3 class=\"eael-team-member-position\"> <\/h3>\n\n\t\t\t\t\t\t\t\t\t\t\t\t\t\t<p class=\"eael-team-text\">Peter Schreiner naci\u00f3 en Viena (Austria) en 1957. Un ni\u00f1o solitario, comenz\u00f3 a filmar desde temprano con su c\u00e1mara de Super-8. M\u00e1s tarde comprendi\u00f3 que era una forma de comunicaci\u00f3n que lo liberaba de hablar. En 1975 aplic\u00f3 para la antigua Universidad de M\u00fasica y Artes Perform\u00e1ticas del departamento de Cine y TV de Viena y comenz\u00f3 su educaci\u00f3n superior. Si bien sus expectativas eran grandes (salir de la aburrida escuela y entrar en un \u00e1rea de trabajo art\u00edtstico) fueron a\u00f1os de desiluciones y humillacions. La orientaci\u00f3n comercial y convencional de la instituci\u00f3n se contradec\u00edan con sus aspiraciones art\u00edsticas. Ah\u00ed aprendi\u00f3 el oficio de camar\u00f3grafo y fund\u00f3 junto a algunos amigos un club de cine, en el que filmaban peque\u00f1os proyectos en 16 mm. Como parte de un servicio comunitario comienza a trabajar con personas con discapacidades motrices y mentales y luego funda un grupo privado de ni\u00f1os junto con su futura esposa Mar\u00eda, lo que lo lleva a filmar Kinderfilm en 1985. Absorto de intriga, decepcionado por la instituci\u00f3n pero lleno de experiencias Schreiner regresa al cine en 2004. En un viaje de investigaci\u00f3n conoce a Giuliana Pachner, quien ser\u00e1 la actriz de sus pr\u00f3ximos 4 proyectos. Una experiencia de la vida de Pachner lo lleva a la isla de Lampedusa, donde filman su \u00faltimo proyecto, co-producido por los protagonistas con sus propias l\u00edneas autobiogr\u00e1ficas. Est\u00e1 desarrollando un nuevo proyecto, Der Garten.<\/p>\n\t\t\t\t\t\t\t<\/div>\n\t\t<\/div>\n\t<\/div>\n\t\t\t<\/div>\n\t\t\t\t<\/div>\n\t\t\t\t<div class=\"elementor-element elementor-element-439647ea eael-team-align-left historico-honor  elementor-widget elementor-widget-eael-team-member\" data-id=\"439647ea\" data-element_type=\"widget\" data-widget_type=\"eael-team-member.default\">\n\t\t\t\t<div class=\"elementor-widget-container\">\n\t\t\t\n\n\t<div id=\"eael-team-member-439647ea\" class=\"eael-team-item eael-team-members-simple \">\n\t\t<div class=\"eael-team-item-inner\">\n\t\t\t<div class=\"eael-team-image\">\n\t\t\t\t<figure>\n\t\t\t\t\t<img decoding=\"async\" src=\"https:\/\/cinemigrante.org\/ediciones-anteriores\/wp-content\/uploads\/2022\/02\/fernando-vilchez-rodriguez.jpg\" alt=\"\">\n\t\t\t\t<\/figure>\n\t\t\t\t\n\t\t\t\t\n\t\t\t<\/div>\n\n\t\t\t<div class=\"eael-team-content\">\n\t\t\t\t<h2 class=\"eael-team-member-name\">Fernando V\u00edlchez Rodr\u00edguez<\/h2>\n\t\t\t\t<h3 class=\"eael-team-member-position\"> <\/h3>\n\n\t\t\t\t\t\t\t\t\t\t\t\t\t\t<p class=\"eael-team-text\">Reconocido cineasta peruano. Ha postulado dos veces al Oso de Oro de la Berlinale con sus documentales La calma y Solo te puedo mostrar el color. Sus trabajos son resultado de indagaciones acerca de la sociedad peruana partiendo de material de archivo y se han visto en Mar del Plata, Londres, La Habana, Karlovy Vary, Tokio o Montreal. Entre dos de sus recientes trabajos se encuentran los largometrajes documentales La Espera, sobre el Baguazo, y Su nombre es Fujimori, de importante difusi\u00f3n durante la segunda vuelta electoral peruana de este a\u00f1o. Codirector de FILMADRID Festival Internacional de Cine (Madrid, Espa\u00f1a).<\/p>\n\t\t\t\t\t\t\t<\/div>\n\t\t<\/div>\n\t<\/div>\n\t\t\t<\/div>\n\t\t\t\t<\/div>\n\t\t\t\t<div class=\"elementor-element elementor-element-2bb31f6e eael-team-align-left historico-honor  elementor-widget elementor-widget-eael-team-member\" data-id=\"2bb31f6e\" data-element_type=\"widget\" data-widget_type=\"eael-team-member.default\">\n\t\t\t\t<div class=\"elementor-widget-container\">\n\t\t\t\n\n\t<div id=\"eael-team-member-2bb31f6e\" class=\"eael-team-item eael-team-members-simple \">\n\t\t<div class=\"eael-team-item-inner\">\n\t\t\t<div class=\"eael-team-image\">\n\t\t\t\t<figure>\n\t\t\t\t\t<img decoding=\"async\" src=\"https:\/\/cinemigrante.org\/ediciones-anteriores\/wp-content\/uploads\/2022\/02\/diana-giromni.jpg\" alt=\"\">\n\t\t\t\t<\/figure>\n\t\t\t\t\n\t\t\t\t\n\t\t\t<\/div>\n\n\t\t\t<div class=\"eael-team-content\">\n\t\t\t\t<h2 class=\"eael-team-member-name\">Diana Giromini<\/h2>\n\t\t\t\t<h3 class=\"eael-team-member-position\"> <\/h3>\n\n\t\t\t\t\t\t\t\t\t\t\t\t\t\t<p class=\"eael-team-text\">Estudi\u00f3 Cine y Representaci\u00f3n Audiovisual y Multimedia. Es docente especializada en medios de comunicaci\u00f3n y lenguaje cinematogr\u00e1fico. Desde 2005 colabora con profesionales, asociaciones culturales, deportivas y juveniles, organismos p\u00fablicos, empresas de producci\u00f3n y Web TV. Registra el desarrollo de obras teatrales, emprendimientos sociales o educativos y realidades marginales, con pel\u00edculas que han sido seleccionadas en festivales italianos. Organiza talleres de j\u00f3venes para contribuir a su crecimiento y desarrollo personal, social y cultural a trav\u00e9s de la producci\u00f3n de video y multimedia, tambi\u00e9n forma trabajadores juveniles. Como t\u00e9cnico montador y c\u00e1mara trabaja para cortometrajes, reportajes y entrevistas, videos musicales, documentales y transmisiones en vivo. Fund\u00f3 y gestiona un videoblog de cr\u00edtica cinematogr\u00e1fica con una redacci\u00f3n de j\u00f3venes a quienes prepara adem\u00e1s para filmar y editar. Organiza proyecciones, eventos y festivales de cine en Torino y Piemonte. Con Il Piccolo Cinema en Torino acompa\u00f1a a j\u00f3venes directores en la realizaci\u00f3n de sus primeras pel\u00edculas. Colabora con Gianluca y Massimiliano De Serio en la escritura y organizaci\u00f3n de sus pel\u00edculas documentales y largometrajes.<\/p>\n\t\t\t\t\t\t\t<\/div>\n\t\t<\/div>\n\t<\/div>\n\t\t\t<\/div>\n\t\t\t\t<\/div>\n\t\t\t\t<div class=\"elementor-element elementor-element-4f35a83b eael-team-align-left historico-honor  elementor-widget elementor-widget-eael-team-member\" data-id=\"4f35a83b\" data-element_type=\"widget\" data-widget_type=\"eael-team-member.default\">\n\t\t\t\t<div class=\"elementor-widget-container\">\n\t\t\t\n\n\t<div id=\"eael-team-member-4f35a83b\" class=\"eael-team-item eael-team-members-simple \">\n\t\t<div class=\"eael-team-item-inner\">\n\t\t\t<div class=\"eael-team-image\">\n\t\t\t\t<figure>\n\t\t\t\t\t<img decoding=\"async\" src=\"https:\/\/cinemigrante.org\/ediciones-anteriores\/wp-content\/uploads\/2022\/02\/maria-aparicio.jpg\" alt=\"\">\n\t\t\t\t<\/figure>\n\t\t\t\t\n\t\t\t\t\n\t\t\t<\/div>\n\n\t\t\t<div class=\"eael-team-content\">\n\t\t\t\t<h2 class=\"eael-team-member-name\">Mar\u00eda Aparicio<\/h2>\n\t\t\t\t<h3 class=\"eael-team-member-position\"> <\/h3>\n\n\t\t\t\t\t\t\t\t\t\t\t\t\t\t<p class=\"eael-team-text\"> Naci\u00f3 en C\u00f3rdoba, Argentina, en 1992, y estudi\u00f3 cine y televisi\u00f3n en la Universidad Nacional de C\u00f3rdoba. Desde el a\u00f1o 2011 integra la productora Vientosur Cine, dedicada a la realizaci\u00f3n de ficci\u00f3n y documental, reuniendo en sus proyectos estilos diversos con una clara orientaci\u00f3n por la gesti\u00f3n independiente y las pel\u00edculas de autor.\n\nTrabaja en distintos proyectos en el \u00e1rea de c\u00e1mara y montaje. Las Calles es su primera pel\u00edcula como directora.<\/p>\n\t\t\t\t\t\t\t<\/div>\n\t\t<\/div>\n\t<\/div>\n\t\t\t<\/div>\n\t\t\t\t<\/div>\n\t\t\t\t\t<\/div>\n\t\t<\/div>\n\t\t\t\t\t<\/div>\n\t\t<\/section>\n\t\t\t\t<\/div>\n\t\t","protected":false},"excerpt":{"rendered":"<p>Invitades internacionales Clarisse Hahn Clarisse Hahn naci\u00f3 en Paris en 1973. Graduada de historia del arte y diplomada de la escuela de Bellas Artes de Paris, se desempe\u00f1a como cineasta, &hellip; <\/p>\n<p class=\"link-more\"><a href=\"https:\/\/cinemigrante.org\/ediciones-anteriores\/7-edicion\/invitades\" class=\"more-link\">Continue reading<span class=\"screen-reader-text\"> \u00abInvitades\u00bb<\/span><\/a><\/p>\n","protected":false},"author":9,"featured_media":0,"parent":15155,"menu_order":0,"comment_status":"closed","ping_status":"closed","template":"elementor_header_footer","meta":{"_acf_changed":false,"footnotes":""},"class_list":["post-15159","page","type-page","status-publish","hentry"],"acf":[],"_links":{"self":[{"href":"https:\/\/cinemigrante.org\/ediciones-anteriores\/wp-json\/wp\/v2\/pages\/15159"}],"collection":[{"href":"https:\/\/cinemigrante.org\/ediciones-anteriores\/wp-json\/wp\/v2\/pages"}],"about":[{"href":"https:\/\/cinemigrante.org\/ediciones-anteriores\/wp-json\/wp\/v2\/types\/page"}],"author":[{"embeddable":true,"href":"https:\/\/cinemigrante.org\/ediciones-anteriores\/wp-json\/wp\/v2\/users\/9"}],"replies":[{"embeddable":true,"href":"https:\/\/cinemigrante.org\/ediciones-anteriores\/wp-json\/wp\/v2\/comments?post=15159"}],"version-history":[{"count":4,"href":"https:\/\/cinemigrante.org\/ediciones-anteriores\/wp-json\/wp\/v2\/pages\/15159\/revisions"}],"predecessor-version":[{"id":15209,"href":"https:\/\/cinemigrante.org\/ediciones-anteriores\/wp-json\/wp\/v2\/pages\/15159\/revisions\/15209"}],"up":[{"embeddable":true,"href":"https:\/\/cinemigrante.org\/ediciones-anteriores\/wp-json\/wp\/v2\/pages\/15155"}],"wp:attachment":[{"href":"https:\/\/cinemigrante.org\/ediciones-anteriores\/wp-json\/wp\/v2\/media?parent=15159"}],"curies":[{"name":"wp","href":"https:\/\/api.w.org\/{rel}","templated":true}]}}