






{"id":14491,"date":"2022-02-06T12:45:19","date_gmt":"2022-02-06T15:45:19","guid":{"rendered":"https:\/\/cinemigrante.com\/ediciones-anteriores\/?page_id=14491"},"modified":"2022-03-22T17:33:59","modified_gmt":"2022-03-22T20:33:59","slug":"programacion-por-dia-avellaneda","status":"publish","type":"page","link":"https:\/\/cinemigrante.org\/ediciones-anteriores\/10-edicion\/programacion-por-dia-avellaneda","title":{"rendered":"Programaci\u00f3n por d\u00eda (Avellaneda)"},"content":{"rendered":"\t\t<div data-elementor-type=\"wp-page\" data-elementor-id=\"14491\" class=\"elementor elementor-14491\">\n\t\t\t\t\t\t<section class=\"elementor-section elementor-top-section elementor-element elementor-element-9e4ffc4 elementor-section-boxed elementor-section-height-default elementor-section-height-default\" data-id=\"9e4ffc4\" data-element_type=\"section\" data-settings=\"{&quot;background_background&quot;:&quot;classic&quot;}\">\n\t\t\t\t\t\t\t<div class=\"elementor-background-overlay\"><\/div>\n\t\t\t\t\t\t\t<div class=\"elementor-container elementor-column-gap-default\">\n\t\t\t\t\t<div class=\"elementor-column elementor-col-100 elementor-top-column elementor-element elementor-element-76da396\" data-id=\"76da396\" data-element_type=\"column\" data-settings=\"{&quot;background_background&quot;:&quot;classic&quot;}\">\n\t\t\t<div class=\"elementor-widget-wrap elementor-element-populated\">\n\t\t\t\t\t\t<div class=\"elementor-element elementor-element-7226af3 elementor-widget elementor-widget-heading\" data-id=\"7226af3\" data-element_type=\"widget\" data-widget_type=\"heading.default\">\n\t\t\t\t<div class=\"elementor-widget-container\">\n\t\t\t<style>\/*! elementor - v3.23.0 - 15-07-2024 *\/\n.elementor-heading-title{padding:0;margin:0;line-height:1}.elementor-widget-heading .elementor-heading-title[class*=elementor-size-]>a{color:inherit;font-size:inherit;line-height:inherit}.elementor-widget-heading .elementor-heading-title.elementor-size-small{font-size:15px}.elementor-widget-heading .elementor-heading-title.elementor-size-medium{font-size:19px}.elementor-widget-heading .elementor-heading-title.elementor-size-large{font-size:29px}.elementor-widget-heading .elementor-heading-title.elementor-size-xl{font-size:39px}.elementor-widget-heading .elementor-heading-title.elementor-size-xxl{font-size:59px}<\/style><h2 class=\"elementor-heading-title elementor-size-default\">Programaci\u00f3n por d\u00eda (Avellaneda)<\/h2>\t\t<\/div>\n\t\t\t\t<\/div>\n\t\t\t\t<div class=\"elementor-element elementor-element-d30adb3 elementor-widget elementor-widget-html\" data-id=\"d30adb3\" data-element_type=\"widget\" data-widget_type=\"html.default\">\n\t\t\t\t<div class=\"elementor-widget-container\">\n\t\t\t<div id=\"programacion\">\r\n<h2>Viernes 13 de septiembre<\/h2>\r\n<table class=\"horasprog\" cellspacing=\"0\" cellpadding=\"0\" border=\"0\">\r\n<tbody>\r\n<tr>\r\n<td class=\"th\">Sede<\/td>\r\n<td>10h<\/td>\r\n<td>12h<\/td>\r\n<td>14h<\/td>\r\n<td>16h<\/td>\r\n<td>18h<\/td>\r\n<td>20h<\/td>\r\n<td>22h<\/td>\r\n<td>24h<\/td>\r\n<\/tr>\r\n<\/tbody>\r\n<\/table>\r\n<table cellspacing=\"0\" cellpadding=\"0\" border=\"0\">\r\n<tbody>\r\n<tr>\r\n<td class=\"th\" style=\"font-size:0.9em\">UNDAV. Auditorio Sede Pi\u00f1eyro<\/td>\r\n<td class=\"hour\">\r\n<div>\r\n\t    \t         <\/div>\r\n<div class=\"calendario_item seccion113\" style=\"left:0%;\"><span class=\"time\">10:00<\/span><p><\/p>\r\n<div class=\"linkfilm\"><a class=\"controlpopup\" href=\"http:\/\/cinemigrante.org\/ediciones-anteriores\/films\/o-desmonte-do-monte-2\">\u2192 MESA CINE Y ARQUITECTURA \u2018Destruyendo la historia, expulsando poblaci\u00f3n\u2019 Di\u00e1logo de Sina\u00ed Sganzerla (Brasil) con Jaime Sor\u00edn<br>\r\n+ PROYECCI\u00d3N<br>\r\nO Desmonte Do Monte<br>\r\n<\/a><p><\/p>\r\n<div class=\"popup\" style=\"display: none; onclick=\" document.location.href=\"http:\/\/cinemigrante.org\/ediciones-anteriores\/films\/o-desmonte-do-monte-2\" \"=\"\">\r\n               <img decoding=\"async\" src=\"http:\/\/cinemigrante.org\/ediciones-anteriores\/2019\/wp-content\/uploads\/2019\/08\/1.-O-DESMONTE-DO-MONTE-1.jpg\r\n\r\n\r\n\" style=\"background-image:url(http:\/\/cinemigrante.org\/ediciones-anteriores\/2019\/wp-content\/uploads\/2019\/08\/1.-O-DESMONTE-DO-MONTE-1.jpg\r\n\r\n\r\n);\" alt=\"Patterns of the Conquerors\" width=\"260\" height=\"169\"><p><\/p>\r\n<h2>MESA CINE Y ARQUITECTURA \u2018Destruyendo la historia, expulsando poblaci\u00f3n\u2019 Di\u00e1logo de Sina\u00ed Sganzerla (Brasil) con Jaime Sor\u00edn<br>\r\n+ PROYECCI\u00d3N<br>\r\nO Desmonte Do Monte<br>\r\n<\/h2>\r\n<p>                 <em><span class=\"nombreseccion\">Panorama<\/span><\/em><\/p>\r\n<p><span style=\"\">Sina\u00ed Sganzerla<\/span><br>Documental | Brasil \u2013 2017 \u2013 85\u2032<\/p>\r\n<p><a href=\"http:\/\/cinemigrante.org\/ediciones-anteriores\/films\/o-desmonte-do-monte-2\" class=\"button small\">ficha<\/a><\/p>\r\n<p><\/p><\/div>\r\n<\/div><\/div>\r\n<\/td>\r\n<\/tr>\r\n<tr>\r\n<td class=\"th\" style=\"font-size:0.9em\">Edificio Municipal Leonardo Favio<\/td>\r\n<td class=\"hour\">\r\n<div>\r\n\t    \t         <\/div>\r\n<div class=\"calendario_item seccion117\" style=\"left: 50%;\"><span class=\"time\">18:00<\/span><p><\/p>\r\n<div class=\"linkfilm\"><a class=\"controlpopup\" href=\"http:\/\/cinemigrante.org\/ediciones-anteriores\/films\/los-suenos-del-castillo\">\u2192 Los sue\u00f1os del castillo<\/a><p><\/p>\r\n<div class=\"popup\" style=\"display:none\" onclick=\"document.location.href='http:\/\/cinemigrante.org\/ediciones-anteriores\/films\/los-suenos-del-castillo'\">\r\n               \t <img decoding=\"async\" src=\"http:\/\/cinemigrante.org\/ediciones-anteriores\/2019\/wp-content\/uploads\/2019\/09\/1.-LOS-SUE\u00d1OS-DEL-CASTILLO.jpg\r\n\" style=\"background-image:url(http:\/\/cinemigrante.org\/ediciones-anteriores\/2019\/wp-content\/uploads\/2019\/09\/1.-LOS-SUE\u00d1OS-DEL-CASTILLO.jpg\r\n);\" alt=\"Sand and blood\" width=\"260\" height=\"169\"><p><\/p>\r\n<h2>Los sue\u00f1os del castillo<\/h2>\r\n<p>                 <em> <span class=\"nombreseccion\">Secci\u00f3n Central \u2018Im\u00e1genes para la insurrecci\u00f3n\u2019<\/span> <\/em><\/p>\r\n<p><span style=\"\">Ren\u00e9 Ballesteros<\/span><br>Documental| Chile, Francia \u2013 2018 \u2013 71\u2032<\/p>\r\n<p><a href=\"http:\/\/cinemigrante.org\/ediciones-anteriores\/films\/los-suenos-del-castillo\" class=\"button small\">ficha<\/a><\/p>\r\n<p><\/p><\/div>\r\n<\/div>\r\n<\/div>\r\n<\/td>\r\n<\/tr>\r\n<\/tbody>\r\n<\/table>\r\n<p>    \t&nbsp;\t\t<\/p>\r\n<h2>Lunes 16 de septiembre<\/h2>\r\n<table class=\"horasprog\" cellspacing=\"0\" cellpadding=\"0\" border=\"0\">\r\n<tbody>\r\n<tr>\r\n<td class=\"th\">Sede<\/td>\r\n<td>16h<\/td>\r\n<td>17h<\/td>\r\n<td>18h<\/td>\r\n<td>19h<\/td>\r\n<td>20h<\/td>\r\n<td>21h<\/td>\r\n<td>22h<\/td>\r\n<td>23h<\/td>\r\n<\/tr>\r\n<\/tbody>\r\n<\/table>\r\n<table cellspacing=\"0\" cellpadding=\"0\" border=\"0\">\r\n<tbody>\r\n<tr>\r\n<td class=\"th\" style=\"font-size:0.9em\">Edificio Municipal Leonardo Favio<\/td>\r\n<td class=\"hour\">\r\n<div>\r\n\t    \t         <\/div>\r\n<div class=\"calendario_item seccion80\" style=\"left: 25%;\"><span class=\"time\">18:00<\/span><p><\/p>\r\n<div class=\"linkfilm\"><a class=\"controlpopup\" href=\"\">\u2192 PRESENTACI\u00d3N DE LA SECCI\u00d3N \u201910 A\u00d1OS\/10 MUJERES\/10 ENSAYOS\u2019 a cargo de la directora Agustina Comedi<br>\r\n+ PROYECCI\u00d3N: El silencio es un cuerpo cae<\/a><p><\/p>\r\n<div class=\"popup\" style=\"display:none\" onclick=\"document.location.href=''\">\r\n<h2>PRESENTACI\u00d3N DE LA SECCI\u00d3N \u201910 A\u00d1OS\/10 MUJERES\/10 ENSAYOS\u2019 a cargo de la directora Agustina Comedi<br>\r\n+ PROYECCI\u00d3N: El silencio es un cuerpo cae<\/h2>\r\n<p>                 <em> <span class=\"nombreseccion\">Secci\u00f3n \u201910 a\u00f1os, 10 mujeres, 10 ensayos\u2019<\/span> <\/em><\/p>\r\n<p><span style=\"\">Agustina Comedi<\/span><br>Documental | Argentina \u2013 2018 \u2013 78\u2032<\/p>\r\n<p><a href=\"\" class=\"button small\">ficha<\/a><\/p>\r\n<p><\/p><\/div>\r\n<\/div>\r\n<\/div>\r\n<\/td>\r\n<\/tr>\r\n<\/tbody>\r\n<\/table>\r\n<p>    \t&nbsp;\t\t<\/p>\r\n<h2>Martes 17 de septiembre<\/h2>\r\n<table class=\"horasprog\" cellspacing=\"0\" cellpadding=\"0\" border=\"0\">\r\n<tbody>\r\n<tr>\r\n<td class=\"th\">Sede<\/td>\r\n<td>16h<\/td>\r\n<td>17h<\/td>\r\n<td>18h<\/td>\r\n<td>19h<\/td>\r\n<td>20h<\/td>\r\n<td>21h<\/td>\r\n<td>22h<\/td>\r\n<td>23h<\/td>\r\n<\/tr>\r\n<\/tbody>\r\n<\/table>\r\n<table cellspacing=\"0\" cellpadding=\"0\" border=\"0\">\r\n<tbody>\r\n<tr>\r\n<td class=\"th\" style=\"font-size:0.9em\">Edificio Municipal Leonardo Favio<\/td>\r\n<td class=\"hour\">\r\n<div>\r\n\t    \t         <\/div>\r\n<div class=\"calendario_item seccion80\" style=\"left: 25%;\"><span class=\"time\">18:00<\/span><p><\/p>\r\n<div class=\"linkfilm\"><a class=\"controlpopup\" href=\"http:\/\/cinemigrante.org\/ediciones-anteriores\/films\/november\">\u2192 November<\/a><p><\/p>\r\n<div class=\"popup\" style=\"display: none; onclick=\" document.location.href=\"http:\/\/cinemigrante.org\/ediciones-anteriores\/films\/november\" \"=\"\">\r\n               <img decoding=\"async\" src=\"http:\/\/cinemigrante.org\/ediciones-anteriores\/2019\/wp-content\/uploads\/2019\/09\/1.-NOVEMBER-FOTO.jpg\r\n\r\n\r\n\r\n\" style=\"background-image:url(http:\/\/cinemigrante.org\/ediciones-anteriores\/2019\/wp-content\/uploads\/2019\/09\/1.-NOVEMBER-FOTO.jpg\r\n\r\n\r\n);\" alt=\"Letters to the Prime Minister\" width=\"260\" height=\"169\"><p><\/p>\r\n<h2>November<\/h2>\r\n<p>                 <em><span class=\"nombreseccion\">Secci\u00f3n \u201810 A\u00f1os\/10 Mujeres\/10 Ensayos\u2019<\/span><\/em><\/p>\r\n<p><span style=\"\">Hito Steyerl<\/span><br>Ensayo Documental | Alemania \u2013 2004 \u2013 25\u2032<\/p>\r\n<p><a href=\"http:\/\/cinemigrante.org\/ediciones-anteriores\/films\/november\" class=\"button small\">ficha<\/a><\/p>\r\n<p><\/p><\/div>\r\n<\/div>\r\n<div class=\"linkfilm\"><a class=\"controlpopup\" href=\"http:\/\/cinemigrante.org\/ediciones-anteriores\/films\/beyrouth-ma-ville\">\u2192 Beyrouth, ma ville<\/a><p><\/p>\r\n<div class=\"popup\" style=\"display: none; onclick=\" document.location.href=\"http:\/\/cinemigrante.org\/ediciones-anteriores\/films\/beyrouth-ma-ville\" \"=\"\">\r\n               <img loading=\"lazy\" decoding=\"async\" src=\"http:\/\/cinemigrante.org\/ediciones-anteriores\/2019\/wp-content\/uploads\/2019\/09\/1.-BEYROUTH-MA-VILLE.jpg\r\n\r\n\" style=\"background-image:url(http:\/\/cinemigrante.org\/ediciones-anteriores\/2019\/wp-content\/uploads\/2019\/09\/1.-BEYROUTH-MA-VILLE.jpg\r\n\r\n);\" alt=\"A cidade \u00e9 uma s\u00f3?\" width=\"260\" height=\"169\"><p><\/p>\r\n<h2>Beyrouth, ma ville<\/h2>\r\n<p>                 <em><span class=\"nombreseccion\">Secci\u00f3n \u201810 A\u00f1os\/10 Mujeres\/10 Ensayos\u2019<br>\r\n<\/span><\/em><\/p>\r\n<p><span style=\"\">Jocelyne Saab <\/span><br>Documental | L\u00edbano \u2013 1986 \u2013 38\u2032<\/p>\r\n<p><a href=\"http:\/\/cinemigrante.org\/ediciones-anteriores\/films\/beyrouth-ma-ville\" class=\"button small\">ficha<\/a><\/p>\r\n<p><\/p><\/div>\r\n<\/div>\r\n<\/div>\r\n<\/td>\r\n<\/tr>\r\n<\/tbody>\r\n<\/table>\r\n<p>    \t&nbsp;\t<\/p>\r\n<h2>Mi\u00e9rcoles 18 de septiembre<\/h2>\r\n<table class=\"horasprog\" cellspacing=\"0\" cellpadding=\"0\" border=\"0\">\r\n<tbody>\r\n<tr>\r\n<td class=\"th\">Sede<\/td>\r\n<td>16h<\/td>\r\n<td>17h<\/td>\r\n<td>18h<\/td>\r\n<td>19h<\/td>\r\n<td>20h<\/td>\r\n<td>21h<\/td>\r\n<td>22h<\/td>\r\n<td>23h<\/td>\r\n<\/tr>\r\n<\/tbody>\r\n<\/table>\r\n<table cellspacing=\"0\" cellpadding=\"0\" border=\"0\">\r\n<tbody>\r\n<tr>\r\n<td class=\"th\" style=\"font-size:0.9em\">Edificio Municipal Leonardo Favio<\/td>\r\n<td class=\"hour\">\r\n<div>\r\n\t    \t         <\/div>\r\n<div class=\"calendario_item seccion113\" style=\"left: 25%;\"><span class=\"time\">18:00<\/span><p><\/p>\r\n<div class=\"linkfilm\"><a class=\"controlpopup\" href=\"http:\/\/cinemigrante.org\/ediciones-anteriores\/films\/chaos\">\u2192 CHARLA CON SARA FATTAHI<br>\r\n+ PROYECCI\u00d3N: Chaos<\/a><p><\/p>\r\n<div class=\"popup\" style=\"display: none;onclick=\" document.location.href=\"http:\/\/cinemigrante.org\/ediciones-anteriores\/films\/chaos\" \"=\"\">\r\n               <img loading=\"lazy\" decoding=\"async\" src=\"http:\/\/cinemigrante.org\/ediciones-anteriores\/2019\/wp-content\/uploads\/2019\/08\/1.-CHAOS-FOTO-1.jpg\r\n\" style=\"background-image:url(http:\/\/cinemigrante.org\/ediciones-anteriores\/2019\/wp-content\/uploads\/2019\/08\/1.-CHAOS-FOTO-1.jpg\r\n)\" alt=\"Era uma vez Bras\u00edlia\" width=\"260\" height=\"169\"><p><\/p>\r\n<h2>CHARLA CON SARA FATTAHI<br>\r\n+ PROYECCI\u00d3N: Chaos<\/h2>\r\n<p>                 <em><span class=\"nombreseccion\">Panorama<\/span><\/em><\/p>\r\n<p><span>Sara Fattahi<\/span><br>Ficci\u00f3n | Austria, Siria, L\u00edbano, Qatar \u2013 95\u2032<\/p>\r\n<p><a href=\"http:\/\/cinemigrante.org\/ediciones-anteriores\/films\/chaos\" class=\"button small\">ficha<\/a><\/p>\r\n<p><\/p><\/div>\r\n<\/div><\/div>\r\n<\/td>\r\n<\/tr>\r\n<\/tbody>\r\n<\/table>\r\n<p>    \t&nbsp;\t<\/p>\r\n<h2>Jueves 19 de septiembre<\/h2>\r\n<table class=\"horasprog\" cellspacing=\"0\" cellpadding=\"0\" border=\"0\">\r\n<tbody>\r\n<tr>\r\n<td class=\"th\">Sede<\/td>\r\n<td>16h<\/td>\r\n<td>17h<\/td>\r\n<td>18h<\/td>\r\n<td>19h<\/td>\r\n<td>20h<\/td>\r\n<td>21h<\/td>\r\n<td>22h<\/td>\r\n<td>23h<\/td>\r\n<\/tr>\r\n<\/tbody>\r\n<\/table>\r\n<table cellspacing=\"0\" cellpadding=\"0\" border=\"0\">\r\n<tbody>\r\n<tr>\r\n<td class=\"th\" style=\"font-size:0.9em\">Edificio Municipal Leonardo Favio<\/td>\r\n<td class=\"hour\">\r\n<div>\r\n\t    \t         <\/div>\r\n<div class=\"calendario_item seccion80\" style=\"left: 25%;\"><span class=\"time\">18:00<\/span><p><\/p>\r\n<div class=\"linkfilm\"><a class=\"controlpopup\" href=\"http:\/\/cinemigrante.org\/ediciones-anteriores\/films\/passing-drama\">\u2192 Passing Drama<\/a><p><\/p>\r\n<div class=\"popup\" style=\"display: none; onclick=\" document.location.href=\"http:\/\/cinemigrante.org\/ediciones-anteriores\/films\/passing-drama\" \"=\"\">\r\n               <img loading=\"lazy\" decoding=\"async\" src=\"http:\/\/cinemigrante.org\/ediciones-anteriores\/2019\/wp-content\/uploads\/2019\/09\/1.-PASSING-DRAMA-FOTO.jpg\" style=\"background-image:url(http:\/\/cinemigrante.org\/ediciones-anteriores\/2019\/wp-content\/uploads\/2019\/09\/1.-PASSING-DRAMA-FOTO.jpg);\" alt=\"filles-du-feu\" width=\"260\" height=\"169\"><p><\/p>\r\n<h2>Passing Drama<\/h2>\r\n<p>                 <em><span class=\"nombreseccion\">Secci\u00f3n \u201810 a\u00f1os \/10 Mujeres\/10 Ensayos\u2019<\/span><\/em><\/p>\r\n<p><span style=\"\">\u00c1ngela Melitopoulos<\/span><br>Ensayo Documental | Alemania \u2013 1999 \u2013 66\u2032<\/p>\r\n<p><a href=\"http:\/\/cinemigrante.org\/ediciones-anteriores\/films\/passing-drama\" class=\"button small\">ficha<\/a><\/p>\r\n<p><\/p><\/div>\r\n<\/div><\/div>\r\n<\/td>\r\n<\/tr>\r\n<\/tbody>\r\n<\/table>\r\n<p>    \t&nbsp;\t\t<\/p>\r\n<h2>Viernes 20 de septiembre<\/h2>\r\n<table class=\"horasprog\" cellspacing=\"0\" cellpadding=\"0\" border=\"0\">\r\n<tbody>\r\n<tr>\r\n<td class=\"th\">Sede<\/td>\r\n<td>16h<\/td>\r\n<td>17h<\/td>\r\n<td>18h<\/td>\r\n<td>19h<\/td>\r\n<td>20h<\/td>\r\n<td>21h<\/td>\r\n<td>22h<\/td>\r\n<td>23h<\/td>\r\n<\/tr>\r\n<\/tbody>\r\n<\/table>\r\n<table cellspacing=\"0\" cellpadding=\"0\" border=\"0\">\r\n<tbody>\r\n<tr>\r\n<td class=\"th\" style=\"font-size:0.9em\">Edificio Municipal Leonardo Favio<\/td>\r\n<td class=\"hour\">\r\n<div>\r\n\t    \t         <\/div>\r\n<div class=\"calendario_item seccion80\" style=\"left: 25%;\"><span class=\"time\">18:00<\/span><p><\/p>\r\n<div class=\"linkfilm\"><a class=\"controlpopup\" href=\"http:\/\/cinemigrante.org\/ediciones-anteriores\/films\/history-and-memory-for-akiko-and-takashige\">\u2192 History and Memory: for Akiko and Takashige<\/a><p><\/p>\r\n<div class=\"popup\" style=\"display: none; onclick=\" document.location.href=\"http:\/\/cinemigrante.org\/ediciones-anteriores\/films\/history-and-memory-for-akiko-and-takashige\" \"=\"\">\r\n               <img loading=\"lazy\" decoding=\"async\" src=\"http:\/\/cinemigrante.org\/ediciones-anteriores\/2019\/wp-content\/uploads\/2019\/09\/1.-HISTORY-AND-MEMORY-FOTO-2.jpg\" style=\"background-image:url(http:\/\/cinemigrante.org\/ediciones-anteriores\/2019\/wp-content\/uploads\/2019\/09\/1.-HISTORY-AND-MEMORY-FOTO-2.jpg);\" alt=\"Ma\u00b4Ohi Nui, In the Heart of the Ocean my Country Lies\" width=\"260\" height=\"169\"><p><\/p>\r\n<h2>History and Memory: for Akiko and Takashige<\/h2>\r\n<p>                 <em><span class=\"nombreseccion\">Secci\u00f3n \u201810 a\u00f1os \/10 Mujeres\/10 Ensayos\u2019<\/span><\/em><\/p>\r\n<p><span style=\"\">Rea Tajiri<\/span><br>Ensayo Documental | EE.UU. \u2013 1991 \u2013 32\u2032<\/p>\r\n<p><a href=\"http:\/\/cinemigrante.org\/ediciones-anteriores\/films\/history-and-memory-for-akiko-and-takashige\" class=\"button small\">ficha<\/a><\/p>\r\n<p><\/p><\/div>\r\n<\/div>\r\n<div class=\"linkfilm\"><a class=\"controlpopup\" href=\"http:\/\/cinemigrante.org\/ediciones-anteriores\/films\/reassemblage-2\">\u2192 Reassemblage<\/a><p><\/p>\r\n<div class=\"popup\" style=\"display: none; onclick=\" document.location.href=\"http:\/\/cinemigrante.org\/ediciones-anteriores\/films\/reassemblage-2\" \"=\"\">\r\n               <img loading=\"lazy\" decoding=\"async\" src=\"http:\/\/cinemigrante.org\/ediciones-anteriores\/2019\/wp-content\/uploads\/2019\/09\/1.-Reassemblage-FOTO-1.jpg\" style=\"background-image:url(http:\/\/cinemigrante.org\/ediciones-anteriores\/2019\/wp-content\/uploads\/2019\/09\/1.-Reassemblage-FOTO-1.jpg);\" alt=\"Ma\u00b4Ohi Nui, In the Heart of the Ocean my Country Lies\" width=\"260\" height=\"169\"><p><\/p>\r\n<h2>Reassemblage<\/h2>\r\n<p>                 <em><span class=\"nombreseccion\">Secci\u00f3n \u201810 a\u00f1os \/10 Mujeres\/10 Ensayos\u2019<\/span><\/em><\/p>\r\n<p><span style=\"\">Trinh T. Minh-ha<\/span><br>Documental | EE.UU \u2013 1982 \u2013 40\u2019<\/p>\r\n<p><a href=\"http:\/\/cinemigrante.org\/ediciones-anteriores\/films\/reassemblage-2\" class=\"button small\">ficha<\/a><\/p>\r\n<p><\/p><\/div>\r\n<\/div><\/div>\r\n<\/td>\r\n<\/tr>\r\n<\/tbody>\r\n<\/table><\/div>\t\t<\/div>\n\t\t\t\t<\/div>\n\t\t\t\t\t<\/div>\n\t\t<\/div>\n\t\t\t\t\t<\/div>\n\t\t<\/section>\n\t\t\t\t<\/div>\n\t\t","protected":false},"excerpt":{"rendered":"<p>Programaci\u00f3n por d\u00eda (Avellaneda) Viernes 13 de septiembre Sede 10h 12h 14h 16h 18h 20h 22h 24h UNDAV. Auditorio Sede Pi\u00f1eyro 10:00 \u2192 MESA CINE Y ARQUITECTURA \u2018Destruyendo la historia, &hellip; <\/p>\n<p class=\"link-more\"><a href=\"https:\/\/cinemigrante.org\/ediciones-anteriores\/10-edicion\/programacion-por-dia-avellaneda\" class=\"more-link\">Continue reading<span class=\"screen-reader-text\"> \u00abProgramaci\u00f3n por d\u00eda (Avellaneda)\u00bb<\/span><\/a><\/p>\n","protected":false},"author":9,"featured_media":0,"parent":14317,"menu_order":0,"comment_status":"closed","ping_status":"closed","template":"elementor_header_footer","meta":{"_acf_changed":false,"footnotes":""},"class_list":["post-14491","page","type-page","status-publish","hentry"],"acf":[],"_links":{"self":[{"href":"https:\/\/cinemigrante.org\/ediciones-anteriores\/wp-json\/wp\/v2\/pages\/14491"}],"collection":[{"href":"https:\/\/cinemigrante.org\/ediciones-anteriores\/wp-json\/wp\/v2\/pages"}],"about":[{"href":"https:\/\/cinemigrante.org\/ediciones-anteriores\/wp-json\/wp\/v2\/types\/page"}],"author":[{"embeddable":true,"href":"https:\/\/cinemigrante.org\/ediciones-anteriores\/wp-json\/wp\/v2\/users\/9"}],"replies":[{"embeddable":true,"href":"https:\/\/cinemigrante.org\/ediciones-anteriores\/wp-json\/wp\/v2\/comments?post=14491"}],"version-history":[{"count":7,"href":"https:\/\/cinemigrante.org\/ediciones-anteriores\/wp-json\/wp\/v2\/pages\/14491\/revisions"}],"predecessor-version":[{"id":16580,"href":"https:\/\/cinemigrante.org\/ediciones-anteriores\/wp-json\/wp\/v2\/pages\/14491\/revisions\/16580"}],"up":[{"embeddable":true,"href":"https:\/\/cinemigrante.org\/ediciones-anteriores\/wp-json\/wp\/v2\/pages\/14317"}],"wp:attachment":[{"href":"https:\/\/cinemigrante.org\/ediciones-anteriores\/wp-json\/wp\/v2\/media?parent=14491"}],"curies":[{"name":"wp","href":"https:\/\/api.w.org\/{rel}","templated":true}]}}